{"id":102484,"date":"2026-01-12T09:09:56","date_gmt":"2026-01-12T13:09:56","guid":{"rendered":"https:\/\/skygroup.com.ve\/web\/producto\/vic-084-casa-en-venta-urb-ciudad-alianza-4ta-etapa\/"},"modified":"2026-04-07T20:56:10","modified_gmt":"2026-04-08T00:56:10","slug":"vic-084-casa-en-venta-urb-ciudad-alianza-4ta-etapa","status":"publish","type":"product","link":"https:\/\/skygroup.com.ve\/web\/producto\/vic-084-casa-en-venta-urb-ciudad-alianza-4ta-etapa\/","title":{"rendered":"VIC-084 Casa en Venta Urb. Ciudad Alianza 4ta Etapa"},"content":{"rendered":"<p>Sky Group Vision<br \/>\nVende Casa en Urb. Ciudad Alianza<\/p>\n<p>EXCELENTE UBICACI\u00d3N \u203c\ufe0f <\/p>\n<p>Terreno 389 mt2<br \/>\nConstrucci\u00f3n 350 mt2<\/p>\n<p>4 hab 4 ba\u00f1os 3 puestos de estacionamiento <\/p>\n<p>Sala &#8211; comedor<br \/>\n3 habitaciones, la principal con vestier y ba\u00f1o.<br \/>\n1 habitaci\u00f3n tipo estudio<br \/>\n3 ba\u00f1os<br \/>\n( 2 internos 1 en \u00e1rea de patio trasero)<\/p>\n<p>Cocina Ferrara<br \/>\nAmplio family room<br \/>\n3 puesto de estacionamiento <\/p>\n<p>Amplio lavandero interno<br \/>\nHabitaci\u00f3n de dep\u00f3sito externo en \u00e1rea de patio <\/p>\n<p>Amplio patio , con \u00e1rea social   \u00e1rea gimnasio <\/p>\n<p>Cuenta con tanque subterr\u00e1neo de 10.000 litros m\u00e1s un tanque a\u00e9reo de 1500 litros <\/p>\n<p>Sistema filtrante ,1 filtro desbarrador antes de la entrada al tanque principal y 2 gemelos Pasteur despu\u00e9s de la salida del tanque.<\/p>\n<p>Tuber\u00edas de aguas actualizados <\/p>\n<p>Sistema de protecci\u00f3n el\u00e9ctrico integral <\/p>\n<p>Aire acondicionado en todas las \u00e1reas<\/p>\n<p>VIC084<\/p>\n<p>70.000$ Negociable<\/p>\n<p>Angela Zapata<br \/>\n0424-4176204<\/p>\n","protected":false},"excerpt":{"rendered":"<p>Sky Group VISION &#8211; VALENCIA Vende Casa Urb. Ciudad Alianza 4ta Etapa<\/p>\n","protected":false},"featured_media":102448,"template":"","meta":{"_acf_changed":false,"_uag_custom_page_level_css":"","site-sidebar-layout":"default","site-content-layout":"","ast-site-content-layout":"default","site-content-style":"default","site-sidebar-style":"default","ast-global-header-display":"","ast-banner-title-visibility":"","ast-main-header-display":"","ast-hfb-above-header-display":"","ast-hfb-below-header-display":"","ast-hfb-mobile-header-display":"","site-post-title":"","ast-breadcrumbs-content":"","ast-featured-img":"","footer-sml-layout":"","ast-disable-related-posts":"","theme-transparent-header-meta":"default","adv-header-id-meta":"","stick-header-meta":"","header-above-stick-meta":"","header-main-stick-meta":"","header-below-stick-meta":"","astra-migrate-meta-layouts":"default","ast-page-background-enabled":"default","ast-page-background-meta":{"desktop":{"background-color":"var(--ast-global-color-4)","background-image":"","background-repeat":"repeat","background-position":"center center","background-size":"auto","background-attachment":"scroll","background-type":"","background-media":"","overlay-type":"","overlay-color":"","overlay-opacity":"","overlay-gradient":""},"tablet":{"background-color":"","background-image":"","background-repeat":"repeat","background-position":"center center","background-size":"auto","background-attachment":"scroll","background-type":"","background-media":"","overlay-type":"","overlay-color":"","overlay-opacity":"","overlay-gradient":""},"mobile":{"background-color":"","background-image":"","background-repeat":"repeat","background-position":"center center","background-size":"auto","background-attachment":"scroll","background-type":"","background-media":"","overlay-type":"","overlay-color":"","overlay-opacity":"","overlay-gradient":""}},"ast-content-background-meta":{"desktop":{"background-color":"var(--ast-global-color-5)","background-image":"","background-repeat":"repeat","background-position":"center center","background-size":"auto","background-attachment":"scroll","background-type":"","background-media":"","overlay-type":"","overlay-color":"","overlay-opacity":"","overlay-gradient":""},"tablet":{"background-color":"var(--ast-global-color-5)","background-image":"","background-repeat":"repeat","background-position":"center center","background-size":"auto","background-attachment":"scroll","background-type":"","background-media":"","overlay-type":"","overlay-color":"","overlay-opacity":"","overlay-gradient":""},"mobile":{"background-color":"var(--ast-global-color-5)","background-image":"","background-repeat":"repeat","background-position":"center center","background-size":"auto","background-attachment":"scroll","background-type":"","background-media":"","overlay-type":"","overlay-color":"","overlay-opacity":"","overlay-gradient":""}},"jetpack_post_was_ever_published":false,"_joinchat":{"telephone":"+584244176204"}},"estado":[],"product_brand":[561],"product_cat":[47],"product_tag":[297],"class_list":{"0":"post-102484","1":"product","2":"type-product","3":"status-publish","4":"has-post-thumbnail","6":"product_brand-vision-valencia","7":"product_cat-casa","8":"product_tag-null","9":"product_shipping_class-null","10":"pa_asesor-atr-angela-rosa-zapata-medina","11":"pa_oficina-atr-vision-valencia","12":"pa_ubicacion-carabobo","13":"desktop-align-left","14":"tablet-align-left","15":"mobile-align-left","17":"first","18":"instock","19":"shipping-taxable","20":"purchasable","21":"product-type-simple"},"acf":[],"uagb_featured_image_src":{"full":["https:\/\/i0.wp.com\/skygroup.com.ve\/web\/wp-content\/uploads\/2026\/01\/10276_2.jpeg?fit=1080%2C600&ssl=1",1080,600,false],"thumbnail":["https:\/\/i0.wp.com\/skygroup.com.ve\/web\/wp-content\/uploads\/2026\/01\/10276_2.jpeg?resize=150%2C150&ssl=1",150,150,true],"medium":["https:\/\/i0.wp.com\/skygroup.com.ve\/web\/wp-content\/uploads\/2026\/01\/10276_2.jpeg?fit=300%2C167&ssl=1",300,167,true],"medium_large":["https:\/\/i0.wp.com\/skygroup.com.ve\/web\/wp-content\/uploads\/2026\/01\/10276_2.jpeg?fit=768%2C427&ssl=1",768,427,true],"large":["https:\/\/i0.wp.com\/skygroup.com.ve\/web\/wp-content\/uploads\/2026\/01\/10276_2.jpeg?fit=1024%2C569&ssl=1",1024,569,true],"1536x1536":["https:\/\/i0.wp.com\/skygroup.com.ve\/web\/wp-content\/uploads\/2026\/01\/10276_2.jpeg?fit=1080%2C600&ssl=1",1080,600,true],"2048x2048":["https:\/\/i0.wp.com\/skygroup.com.ve\/web\/wp-content\/uploads\/2026\/01\/10276_2.jpeg?fit=1080%2C600&ssl=1",1080,600,true],"woocommerce_thumbnail":["https:\/\/i0.wp.com\/skygroup.com.ve\/web\/wp-content\/uploads\/2026\/01\/10276_2.jpeg?resize=300%2C300&ssl=1",300,300,true],"woocommerce_single":["https:\/\/i0.wp.com\/skygroup.com.ve\/web\/wp-content\/uploads\/2026\/01\/10276_2.jpeg?fit=600%2C333&ssl=1",600,333,true],"woocommerce_gallery_thumbnail":["https:\/\/i0.wp.com\/skygroup.com.ve\/web\/wp-content\/uploads\/2026\/01\/10276_2.jpeg?resize=100%2C100&ssl=1",100,100,true]},"uagb_author_info":{"display_name":"adminweb","author_link":"https:\/\/skygroup.com.ve\/web\/author\/"},"uagb_comment_info":0,"uagb_excerpt":"Sky Group VISION - VALENCIA Vende Casa Urb. Ciudad Alianza 4ta Etapa","jetpack_sharing_enabled":true,"_links":{"self":[{"href":"https:\/\/skygroup.com.ve\/web\/wp-json\/wp\/v2\/product\/102484","targetHints":{"allow":["GET"]}}],"collection":[{"href":"https:\/\/skygroup.com.ve\/web\/wp-json\/wp\/v2\/product"}],"about":[{"href":"https:\/\/skygroup.com.ve\/web\/wp-json\/wp\/v2\/types\/product"}],"wp:featuredmedia":[{"embeddable":true,"href":"https:\/\/skygroup.com.ve\/web\/wp-json\/wp\/v2\/media\/102448"}],"wp:attachment":[{"href":"https:\/\/skygroup.com.ve\/web\/wp-json\/wp\/v2\/media?parent=102484"}],"wp:term":[{"taxonomy":"estado","embeddable":true,"href":"https:\/\/skygroup.com.ve\/web\/wp-json\/wp\/v2\/estado?post=102484"},{"taxonomy":"product_brand","embeddable":true,"href":"https:\/\/skygroup.com.ve\/web\/wp-json\/wp\/v2\/product_brand?post=102484"},{"taxonomy":"product_cat","embeddable":true,"href":"https:\/\/skygroup.com.ve\/web\/wp-json\/wp\/v2\/product_cat?post=102484"},{"taxonomy":"product_tag","embeddable":true,"href":"https:\/\/skygroup.com.ve\/web\/wp-json\/wp\/v2\/product_tag?post=102484"}],"curies":[{"name":"wp","href":"https:\/\/api.w.org\/{rel}","templated":true}]}}