{"id":104815,"date":"2026-02-02T21:14:26","date_gmt":"2026-02-03T01:14:26","guid":{"rendered":"https:\/\/skygroup.com.ve\/web\/producto\/vic-088-casa-en-venta-callejon-el-polvero\/"},"modified":"2026-04-07T20:56:44","modified_gmt":"2026-04-08T00:56:44","slug":"vic-088-casa-en-venta-callejon-el-polvero","status":"publish","type":"product","link":"https:\/\/skygroup.com.ve\/web\/producto\/vic-088-casa-en-venta-callejon-el-polvero\/","title":{"rendered":"VIC-088 Casa en Venta Callejon El Polvero"},"content":{"rendered":"<p>Sky Group Vision vende esta hermosa propiedad con terreno anexo a la casa principal para desarrollar cualquier proyecto ubicada en el sector el Polvero San Diego de<br \/>\n 1.503 metros de Terreno<br \/>\n 1.187 metros de construcci\u00f3n<br \/>\nconsta de<br \/>\nCasa Principal<br \/>\nDos plantas distribuidas de la siguiente manera:<br \/>\nPlanta baja:<br \/>\nSala<br \/>\nComedor<br \/>\n\u00c1rea para dise\u00f1ar cocina a concepto abierto<br \/>\n2 habitaciones (pueden convertirse en Estudio y \u00c1rea de dep\u00f3sito)<br \/>\n1 ba\u00f1o de visita<br \/>\n1 habitaci\u00f3n de servicio que cuenta con ba\u00f1o y entrada independiente hacia el \u00e1rea del estacionamiento.<\/p>\n<p>Planta alta:<br \/>\n4 habitaciones con ba\u00f1o incluido y la principal con balc\u00f3n<br \/>\n\u00c1rea de servicio para ducterias de aires acondicionados (centrales)<br \/>\nTerraza<br \/>\nPisos en M\u00e1rmol<\/p>\n<p>Casa Auxiliar<br \/>\nPlanta Baja:<br \/>\n6 habitaciones cada una con ba\u00f1o<br \/>\n\u00c1rea para dise\u00f1ar cocina<br \/>\n\u00c1rea para comedor<br \/>\n\u00c1rea de servicio para ducterias de aires acondicionados (centrales)<br \/>\nPlanta Alta:<br \/>\n8 habitaciones con ba\u00f1o incluido<br \/>\nPisos en porcelanato en todas sus \u00e1reas<br \/>\nEscaleras en m\u00e1rmol <\/p>\n<p>\u00c1reas Comunes<br \/>\n1 cuarto de bombas y acceso al tanque subterr\u00e1neo<br \/>\n1 cuarto de electricidad y servicios<\/p>\n<p>Bondades<br \/>\n-Cada casa posee paredes en coralina y paredes con t\u00e9cnica de grafeado<br \/>\n-Cada casa posee aires acondicionado centrales de 2 unidades 1 para cada piso<br \/>\n-Cada Casa tiene entrada independiente<br \/>\n-Cerco el\u00e9ctrico en toda la perimetral <\/p>\n<p>480.000$<br \/>\nKeivis Valerio<br \/>\nSky Group Vision<br \/>\n+58 4120629058<\/p>\n","protected":false},"excerpt":{"rendered":"<p>Sky Group VISION &#8211; VALENCIA Vende Casa Callejon El Polvero<\/p>\n","protected":false},"featured_media":104755,"template":"","meta":{"_acf_changed":false,"_uag_custom_page_level_css":"","site-sidebar-layout":"default","site-content-layout":"","ast-site-content-layout":"default","site-content-style":"default","site-sidebar-style":"default","ast-global-header-display":"","ast-banner-title-visibility":"","ast-main-header-display":"","ast-hfb-above-header-display":"","ast-hfb-below-header-display":"","ast-hfb-mobile-header-display":"","site-post-title":"","ast-breadcrumbs-content":"","ast-featured-img":"","footer-sml-layout":"","ast-disable-related-posts":"","theme-transparent-header-meta":"default","adv-header-id-meta":"","stick-header-meta":"","header-above-stick-meta":"","header-main-stick-meta":"","header-below-stick-meta":"","astra-migrate-meta-layouts":"default","ast-page-background-enabled":"default","ast-page-background-meta":{"desktop":{"background-color":"var(--ast-global-color-4)","background-image":"","background-repeat":"repeat","background-position":"center center","background-size":"auto","background-attachment":"scroll","background-type":"","background-media":"","overlay-type":"","overlay-color":"","overlay-opacity":"","overlay-gradient":""},"tablet":{"background-color":"","background-image":"","background-repeat":"repeat","background-position":"center center","background-size":"auto","background-attachment":"scroll","background-type":"","background-media":"","overlay-type":"","overlay-color":"","overlay-opacity":"","overlay-gradient":""},"mobile":{"background-color":"","background-image":"","background-repeat":"repeat","background-position":"center center","background-size":"auto","background-attachment":"scroll","background-type":"","background-media":"","overlay-type":"","overlay-color":"","overlay-opacity":"","overlay-gradient":""}},"ast-content-background-meta":{"desktop":{"background-color":"var(--ast-global-color-5)","background-image":"","background-repeat":"repeat","background-position":"center center","background-size":"auto","background-attachment":"scroll","background-type":"","background-media":"","overlay-type":"","overlay-color":"","overlay-opacity":"","overlay-gradient":""},"tablet":{"background-color":"var(--ast-global-color-5)","background-image":"","background-repeat":"repeat","background-position":"center center","background-size":"auto","background-attachment":"scroll","background-type":"","background-media":"","overlay-type":"","overlay-color":"","overlay-opacity":"","overlay-gradient":""},"mobile":{"background-color":"var(--ast-global-color-5)","background-image":"","background-repeat":"repeat","background-position":"center center","background-size":"auto","background-attachment":"scroll","background-type":"","background-media":"","overlay-type":"","overlay-color":"","overlay-opacity":"","overlay-gradient":""}},"jetpack_post_was_ever_published":false,"_joinchat":{"telephone":"+584120629058"}},"estado":[],"product_brand":[561],"product_cat":[47],"product_tag":[297],"class_list":{"0":"post-104815","1":"product","2":"type-product","3":"status-publish","4":"has-post-thumbnail","6":"product_brand-vision-valencia","7":"product_cat-casa","8":"product_tag-null","9":"product_shipping_class-null","10":"pa_asesor-atr-keivis-anais-valerio-de-romero","11":"pa_oficina-atr-vision-valencia","12":"pa_ubicacion-carabobo","13":"desktop-align-left","14":"tablet-align-left","15":"mobile-align-left","17":"first","18":"instock","19":"shipping-taxable","20":"purchasable","21":"product-type-simple"},"acf":[],"uagb_featured_image_src":{"full":["https:\/\/i0.wp.com\/skygroup.com.ve\/web\/wp-content\/uploads\/2026\/02\/10463_4.jpeg?fit=600%2C1024&ssl=1",600,1024,false],"thumbnail":["https:\/\/i0.wp.com\/skygroup.com.ve\/web\/wp-content\/uploads\/2026\/02\/10463_4.jpeg?resize=150%2C150&ssl=1",150,150,true],"medium":["https:\/\/i0.wp.com\/skygroup.com.ve\/web\/wp-content\/uploads\/2026\/02\/10463_4.jpeg?fit=176%2C300&ssl=1",176,300,true],"medium_large":["https:\/\/i0.wp.com\/skygroup.com.ve\/web\/wp-content\/uploads\/2026\/02\/10463_4.jpeg?fit=600%2C1024&ssl=1",600,1024,true],"large":["https:\/\/i0.wp.com\/skygroup.com.ve\/web\/wp-content\/uploads\/2026\/02\/10463_4.jpeg?fit=600%2C1024&ssl=1",600,1024,true],"1536x1536":["https:\/\/i0.wp.com\/skygroup.com.ve\/web\/wp-content\/uploads\/2026\/02\/10463_4.jpeg?fit=600%2C1024&ssl=1",600,1024,true],"2048x2048":["https:\/\/i0.wp.com\/skygroup.com.ve\/web\/wp-content\/uploads\/2026\/02\/10463_4.jpeg?fit=600%2C1024&ssl=1",600,1024,true],"woocommerce_thumbnail":["https:\/\/i0.wp.com\/skygroup.com.ve\/web\/wp-content\/uploads\/2026\/02\/10463_4.jpeg?resize=300%2C300&ssl=1",300,300,true],"woocommerce_single":["https:\/\/i0.wp.com\/skygroup.com.ve\/web\/wp-content\/uploads\/2026\/02\/10463_4.jpeg?fit=600%2C1024&ssl=1",600,1024,true],"woocommerce_gallery_thumbnail":["https:\/\/i0.wp.com\/skygroup.com.ve\/web\/wp-content\/uploads\/2026\/02\/10463_4.jpeg?resize=100%2C100&ssl=1",100,100,true]},"uagb_author_info":{"display_name":"adminweb","author_link":"https:\/\/skygroup.com.ve\/web\/author\/"},"uagb_comment_info":0,"uagb_excerpt":"Sky Group VISION - VALENCIA Vende Casa Callejon El Polvero","jetpack_sharing_enabled":true,"_links":{"self":[{"href":"https:\/\/skygroup.com.ve\/web\/wp-json\/wp\/v2\/product\/104815","targetHints":{"allow":["GET"]}}],"collection":[{"href":"https:\/\/skygroup.com.ve\/web\/wp-json\/wp\/v2\/product"}],"about":[{"href":"https:\/\/skygroup.com.ve\/web\/wp-json\/wp\/v2\/types\/product"}],"wp:featuredmedia":[{"embeddable":true,"href":"https:\/\/skygroup.com.ve\/web\/wp-json\/wp\/v2\/media\/104755"}],"wp:attachment":[{"href":"https:\/\/skygroup.com.ve\/web\/wp-json\/wp\/v2\/media?parent=104815"}],"wp:term":[{"taxonomy":"estado","embeddable":true,"href":"https:\/\/skygroup.com.ve\/web\/wp-json\/wp\/v2\/estado?post=104815"},{"taxonomy":"product_brand","embeddable":true,"href":"https:\/\/skygroup.com.ve\/web\/wp-json\/wp\/v2\/product_brand?post=104815"},{"taxonomy":"product_cat","embeddable":true,"href":"https:\/\/skygroup.com.ve\/web\/wp-json\/wp\/v2\/product_cat?post=104815"},{"taxonomy":"product_tag","embeddable":true,"href":"https:\/\/skygroup.com.ve\/web\/wp-json\/wp\/v2\/product_tag?post=104815"}],"curies":[{"name":"wp","href":"https:\/\/api.w.org\/{rel}","templated":true}]}}

<p>Sky Group Vision vende esta hermosa propiedad con terreno anexo a la casa principal para desarrollar cualquier proyecto ubicada en el sector el Polvero San Diego de<br />
 1.503 metros de Terreno<br />
 1.187 metros de construcción<br />
consta de<br />
Casa Principal<br />
Dos plantas distribuidas de la siguiente manera:<br />
Planta baja:<br />
Sala<br />
Comedor<br />
Área para diseñar cocina a concepto abierto<br />
2 habitaciones (pueden convertirse en Estudio y Área de depósito)<br />
1 baño de visita<br />
1 habitación de servicio que cuenta con baño y entrada independiente hacia el área del estacionamiento.</p>
<p>Planta alta:<br />
4 habitaciones con baño incluido y la principal con balcón<br />
Área de servicio para ducterias de aires acondicionados (centrales)<br />
Terraza<br />
Pisos en Mármol</p>
<p>Casa Auxiliar<br />
Planta Baja:<br />
6 habitaciones cada una con baño<br />
Área para diseñar cocina<br />
Área para comedor<br />
Área de servicio para ducterias de aires acondicionados (centrales)<br />
Planta Alta:<br />
8 habitaciones con baño incluido<br />
Pisos en porcelanato en todas sus áreas<br />
Escaleras en mármol </p>
<p>Áreas Comunes<br />
1 cuarto de bombas y acceso al tanque subterráneo<br />
1 cuarto de electricidad y servicios</p>
<p>Bondades<br />
-Cada casa posee paredes en coralina y paredes con técnica de grafeado<br />
-Cada casa posee aires acondicionado centrales de 2 unidades 1 para cada piso<br />
-Cada Casa tiene entrada independiente<br />
-Cerco eléctrico en toda la perimetral </p>
<p>480.000$<br />
Keivis Valerio<br />
Sky Group Vision<br />
+58 4120629058</p>
