{"id":110774,"date":"2026-04-01T10:25:44","date_gmt":"2026-04-01T14:25:44","guid":{"rendered":"https:\/\/skygroup.com.ve\/web\/producto\/elba-306-apartamento-en-venta-residencias-loft-20-15-triangulo-del-este-barquisimeto\/"},"modified":"2026-04-07T20:57:47","modified_gmt":"2026-04-08T00:57:47","slug":"elba-306-apartamento-en-venta-residencias-loft-20-15-triangulo-del-este-barquisimeto","status":"publish","type":"product","link":"https:\/\/skygroup.com.ve\/web\/producto\/elba-306-apartamento-en-venta-residencias-loft-20-15-triangulo-del-este-barquisimeto\/","title":{"rendered":"ELBA-306 Apartamento en Venta Residencias Loft 20-15, Tri\u00e1ngulo Del Este Barquisimeto"},"content":{"rendered":"<p>Sky Group Elegance Vende Moderno Apartamento en Loft 20-15. Reci\u00e9n remodelado en el este de Barquisimeto.<\/p>\n<p>*Conectado a planta el\u00e9ctrica, conjunto de data reciente*<\/p>\n<p>160 m\u00b2 (Apartamento \u00fanico con terraza ampliada en el conjunto):<br \/>\n3 habitaciones<br \/>\n3 ba\u00f1os<br \/>\n2 p\/e<\/p>\n<p>PLANTA ALTA<br \/>\nHabitaci\u00f3n principal con A\/A de 18.000 BTU, vestier y ba\u00f1o privado<br \/>\n2 habitaciones con cl\u00f3sets y A\/A de 12.000 BTU<br \/>\nBa\u00f1o en compartido remodelado<br \/>\nSoporte para Alexa <\/p>\n<p>PLANTA BAJA<br \/>\nTerraza amplia de 15 m\u00b2 \u00fanica en el conjunto<br \/>\nSala con A\/A de 3 toneladas<br \/>\nComedor con vista panor\u00e1mica<br \/>\nCocina moderna con luz din\u00e1mica, puerto de carga, vinera, tope de piedra sinterizada, barra con iluminaci\u00f3n, nevera inteligente, tope a gas DRIJA, campana moderna.<br \/>\n\u00c1rea lavander\u00eda con batea y alacenas<br \/>\n1\/2 ba\u00f1o remodelado<br \/>\nMaletero<br \/>\nluminarias con soporte para Alexa <\/p>\n<p>*BONDADES DEL CONJUNTO*<br \/>\n*Planta el\u00e9ctrica Total*<br \/>\n\u00c1reas de esparcimiento<br \/>\nPiscina con vista al Parque del Este<br \/>\n\u00c1rea de gimnasio<br \/>\nSky Bar<br \/>\nTanque de 190.000 lts para cada torre<br \/>\nVigilancia privada<br \/>\nPort\u00f3n el\u00e9ctrico para entrar al \u00e1rea de edificios Loft 20-15 y  Santa B\u00e1rbara<\/p>\n","protected":false},"excerpt":{"rendered":"<p>Sky Group ELEGANCE &#8211; BARQUISIMETO Vende Apartamento Residencias Loft 20-15, Tri\u00e1ngulo Del Este Barquisimeto<\/p>\n","protected":false},"featured_media":110024,"template":"","meta":{"_acf_changed":false,"_uag_custom_page_level_css":"","site-sidebar-layout":"default","site-content-layout":"","ast-site-content-layout":"default","site-content-style":"default","site-sidebar-style":"default","ast-global-header-display":"","ast-banner-title-visibility":"","ast-main-header-display":"","ast-hfb-above-header-display":"","ast-hfb-below-header-display":"","ast-hfb-mobile-header-display":"","site-post-title":"","ast-breadcrumbs-content":"","ast-featured-img":"","footer-sml-layout":"","ast-disable-related-posts":"","theme-transparent-header-meta":"default","adv-header-id-meta":"","stick-header-meta":"","header-above-stick-meta":"","header-main-stick-meta":"","header-below-stick-meta":"","astra-migrate-meta-layouts":"default","ast-page-background-enabled":"default","ast-page-background-meta":{"desktop":{"background-color":"var(--ast-global-color-4)","background-image":"","background-repeat":"repeat","background-position":"center center","background-size":"auto","background-attachment":"scroll","background-type":"","background-media":"","overlay-type":"","overlay-color":"","overlay-opacity":"","overlay-gradient":""},"tablet":{"background-color":"","background-image":"","background-repeat":"repeat","background-position":"center center","background-size":"auto","background-attachment":"scroll","background-type":"","background-media":"","overlay-type":"","overlay-color":"","overlay-opacity":"","overlay-gradient":""},"mobile":{"background-color":"","background-image":"","background-repeat":"repeat","background-position":"center center","background-size":"auto","background-attachment":"scroll","background-type":"","background-media":"","overlay-type":"","overlay-color":"","overlay-opacity":"","overlay-gradient":""}},"ast-content-background-meta":{"desktop":{"background-color":"var(--ast-global-color-5)","background-image":"","background-repeat":"repeat","background-position":"center center","background-size":"auto","background-attachment":"scroll","background-type":"","background-media":"","overlay-type":"","overlay-color":"","overlay-opacity":"","overlay-gradient":""},"tablet":{"background-color":"var(--ast-global-color-5)","background-image":"","background-repeat":"repeat","background-position":"center center","background-size":"auto","background-attachment":"scroll","background-type":"","background-media":"","overlay-type":"","overlay-color":"","overlay-opacity":"","overlay-gradient":""},"mobile":{"background-color":"var(--ast-global-color-5)","background-image":"","background-repeat":"repeat","background-position":"center center","background-size":"auto","background-attachment":"scroll","background-type":"","background-media":"","overlay-type":"","overlay-color":"","overlay-opacity":"","overlay-gradient":""}},"jetpack_post_was_ever_published":false,"_joinchat":{"telephone":"+584145658844"}},"estado":[],"product_brand":[564],"product_cat":[26],"product_tag":[297],"class_list":{"0":"post-110774","1":"product","2":"type-product","3":"status-publish","4":"has-post-thumbnail","6":"product_brand-elegance-barquisimeto","7":"product_cat-apartamento","8":"product_tag-null","9":"product_shipping_class-null","10":"pa_asesor-atr-simon-antonio-hernandez-hernandez","11":"pa_oficina-atr-elegance-barquisimeto","12":"pa_ubicacion-lara","13":"desktop-align-left","14":"tablet-align-left","15":"mobile-align-left","17":"first","18":"instock","19":"shipping-taxable","20":"purchasable","21":"product-type-simple"},"acf":[],"uagb_featured_image_src":{"full":["https:\/\/i0.wp.com\/skygroup.com.ve\/web\/wp-content\/uploads\/2026\/04\/10857_1.png?fit=600%2C800&ssl=1",600,800,false],"thumbnail":["https:\/\/i0.wp.com\/skygroup.com.ve\/web\/wp-content\/uploads\/2026\/04\/10857_1.png?resize=150%2C150&ssl=1",150,150,true],"medium":["https:\/\/i0.wp.com\/skygroup.com.ve\/web\/wp-content\/uploads\/2026\/04\/10857_1.png?fit=225%2C300&ssl=1",225,300,true],"medium_large":["https:\/\/i0.wp.com\/skygroup.com.ve\/web\/wp-content\/uploads\/2026\/04\/10857_1.png?fit=600%2C800&ssl=1",600,800,true],"large":["https:\/\/i0.wp.com\/skygroup.com.ve\/web\/wp-content\/uploads\/2026\/04\/10857_1.png?fit=600%2C800&ssl=1",600,800,true],"1536x1536":["https:\/\/i0.wp.com\/skygroup.com.ve\/web\/wp-content\/uploads\/2026\/04\/10857_1.png?fit=600%2C800&ssl=1",600,800,true],"2048x2048":["https:\/\/i0.wp.com\/skygroup.com.ve\/web\/wp-content\/uploads\/2026\/04\/10857_1.png?fit=600%2C800&ssl=1",600,800,true],"woocommerce_thumbnail":["https:\/\/i0.wp.com\/skygroup.com.ve\/web\/wp-content\/uploads\/2026\/04\/10857_1.png?resize=300%2C300&ssl=1",300,300,true],"woocommerce_single":["https:\/\/i0.wp.com\/skygroup.com.ve\/web\/wp-content\/uploads\/2026\/04\/10857_1.png?fit=600%2C800&ssl=1",600,800,true],"woocommerce_gallery_thumbnail":["https:\/\/i0.wp.com\/skygroup.com.ve\/web\/wp-content\/uploads\/2026\/04\/10857_1.png?resize=100%2C100&ssl=1",100,100,true]},"uagb_author_info":{"display_name":"adminweb","author_link":"https:\/\/skygroup.com.ve\/web\/author\/"},"uagb_comment_info":0,"uagb_excerpt":"Sky Group ELEGANCE - BARQUISIMETO Vende Apartamento Residencias Loft 20-15, Tri\u00e1ngulo Del Este Barquisimeto","jetpack_sharing_enabled":true,"_links":{"self":[{"href":"https:\/\/skygroup.com.ve\/web\/wp-json\/wp\/v2\/product\/110774","targetHints":{"allow":["GET"]}}],"collection":[{"href":"https:\/\/skygroup.com.ve\/web\/wp-json\/wp\/v2\/product"}],"about":[{"href":"https:\/\/skygroup.com.ve\/web\/wp-json\/wp\/v2\/types\/product"}],"wp:featuredmedia":[{"embeddable":true,"href":"https:\/\/skygroup.com.ve\/web\/wp-json\/wp\/v2\/media\/110024"}],"wp:attachment":[{"href":"https:\/\/skygroup.com.ve\/web\/wp-json\/wp\/v2\/media?parent=110774"}],"wp:term":[{"taxonomy":"estado","embeddable":true,"href":"https:\/\/skygroup.com.ve\/web\/wp-json\/wp\/v2\/estado?post=110774"},{"taxonomy":"product_brand","embeddable":true,"href":"https:\/\/skygroup.com.ve\/web\/wp-json\/wp\/v2\/product_brand?post=110774"},{"taxonomy":"product_cat","embeddable":true,"href":"https:\/\/skygroup.com.ve\/web\/wp-json\/wp\/v2\/product_cat?post=110774"},{"taxonomy":"product_tag","embeddable":true,"href":"https:\/\/skygroup.com.ve\/web\/wp-json\/wp\/v2\/product_tag?post=110774"}],"curies":[{"name":"wp","href":"https:\/\/api.w.org\/{rel}","templated":true}]}}