{"id":113583,"date":"2026-04-24T09:55:20","date_gmt":"2026-04-24T13:55:20","guid":{"rendered":"https:\/\/skygroup.com.ve\/web\/producto\/inc-560-casa-en-venta-urb-prebo-iii-valencia\/"},"modified":"2026-04-24T09:55:24","modified_gmt":"2026-04-24T13:55:24","slug":"inc-560-casa-en-venta-urb-prebo-iii-valencia","status":"publish","type":"product","link":"https:\/\/skygroup.com.ve\/web\/producto\/inc-560-casa-en-venta-urb-prebo-iii-valencia\/","title":{"rendered":"INC-560 Casa en Venta Urb. Prebo Iii &#8211; Valencia"},"content":{"rendered":"<p>SKY GROUP INVICTUS VENDE CASA QUINTA  EN OBRA GRIS CON VISTA PANOR\u00c1MICA EN TODOS LOS NIVELES, UBICADA EN LA URBANIZACI\u00d3N PREBO III, MUNICIPIO VALENCIA<\/p>\n<p>\u00c1rea de parcela: 1.188 m2.<br \/>\n\u00c1rea de construcci\u00f3n: 1.567 m2 distribuidos de la siguiente manera: S\u00f3tano y patio (868 m2), Planta Baja (326,13 m2), Piso 1 (373,64 m2)<\/p>\n<p>\u00c1reas en S\u00d3TANO proyectadas para:<br \/>\nSala de estar<br \/>\nSal\u00f3n de juegos<br \/>\nGimnasio<br \/>\nSauna<br \/>\nSal\u00f3n\/Bar<br \/>\n2 ba\u00f1os<br \/>\nTerraza con vista panor\u00e1mica<br \/>\nAcceso directo a piscina y jardines<\/p>\n<p>\u00c1reas en PLANTA BAJA proyectadas para:<br \/>\nHall de acceso techado<br \/>\n2 salas con 1\/2 ba\u00f1o de visita<br \/>\nSal\u00f3n tipo estar<br \/>\nCocina<br \/>\nCuarto de lavado<br \/>\nAlojamiento de 1 unidad de refrigeraci\u00f3n\/congelaci\u00f3n (cava cuarto)<br \/>\n1 habitaci\u00f3n de servicio con ba\u00f1o<br \/>\nSal\u00f3n comedor<br \/>\nTerraza con vista panor\u00e1mica<br \/>\n1 habitaci\u00f3n externa de servicio con ba\u00f1o. <\/p>\n<p>\u00c1reas en PISO 1 proyectadas para:<\/p>\n<p>Estar<br \/>\nHabitaci\u00f3n principal con vestier y ba\u00f1o.<br \/>\n4 habitaciones con ba\u00f1o<br \/>\nTerraza con vista panor\u00e1mica.<\/p>\n<p>TOTAL<br \/>\nHabitaciones: 7<br \/>\nBa\u00f1os: 9<br \/>\n1\/2 ba\u00f1o: 1<br \/>\nEstacionamiento: 4<\/p>\n<p>Esta casa con amplia \u00e1rea para jardines, piscina y una hermosa vista de la ciudad est\u00e1 ubicada en una urbanizaci\u00f3n privada que cuenta con vigilancia 24\/7 y pozo profundo de agua.<\/p>\n<p>Monto de inversi\u00f3n: 885.000$ Negociable<br \/>\nPropietario abierto a escuchar ofertas <\/p>\n<p>Ing. Jhanett Pi\u00f1a<br \/>\nSky Group Invictus<br \/>\n+58 (412) 8303929<\/p>\n","protected":false},"excerpt":{"rendered":"<p>Sky Group INVICTUS Vende Casa Urb. Prebo Iii &#8211; Valencia<\/p>\n","protected":false},"featured_media":113434,"template":"","meta":{"_acf_changed":false,"_uag_custom_page_level_css":"","site-sidebar-layout":"default","site-content-layout":"","ast-site-content-layout":"default","site-content-style":"default","site-sidebar-style":"default","ast-global-header-display":"","ast-banner-title-visibility":"","ast-main-header-display":"","ast-hfb-above-header-display":"","ast-hfb-below-header-display":"","ast-hfb-mobile-header-display":"","site-post-title":"","ast-breadcrumbs-content":"","ast-featured-img":"","footer-sml-layout":"","ast-disable-related-posts":"","theme-transparent-header-meta":"default","adv-header-id-meta":"","stick-header-meta":"","header-above-stick-meta":"","header-main-stick-meta":"","header-below-stick-meta":"","astra-migrate-meta-layouts":"default","ast-page-background-enabled":"default","ast-page-background-meta":{"desktop":{"background-color":"var(--ast-global-color-4)","background-image":"","background-repeat":"repeat","background-position":"center center","background-size":"auto","background-attachment":"scroll","background-type":"","background-media":"","overlay-type":"","overlay-color":"","overlay-opacity":"","overlay-gradient":""},"tablet":{"background-color":"","background-image":"","background-repeat":"repeat","background-position":"center center","background-size":"auto","background-attachment":"scroll","background-type":"","background-media":"","overlay-type":"","overlay-color":"","overlay-opacity":"","overlay-gradient":""},"mobile":{"background-color":"","background-image":"","background-repeat":"repeat","background-position":"center center","background-size":"auto","background-attachment":"scroll","background-type":"","background-media":"","overlay-type":"","overlay-color":"","overlay-opacity":"","overlay-gradient":""}},"ast-content-background-meta":{"desktop":{"background-color":"var(--ast-global-color-5)","background-image":"","background-repeat":"repeat","background-position":"center center","background-size":"auto","background-attachment":"scroll","background-type":"","background-media":"","overlay-type":"","overlay-color":"","overlay-opacity":"","overlay-gradient":""},"tablet":{"background-color":"var(--ast-global-color-5)","background-image":"","background-repeat":"repeat","background-position":"center center","background-size":"auto","background-attachment":"scroll","background-type":"","background-media":"","overlay-type":"","overlay-color":"","overlay-opacity":"","overlay-gradient":""},"mobile":{"background-color":"var(--ast-global-color-5)","background-image":"","background-repeat":"repeat","background-position":"center center","background-size":"auto","background-attachment":"scroll","background-type":"","background-media":"","overlay-type":"","overlay-color":"","overlay-opacity":"","overlay-gradient":""}},"jetpack_post_was_ever_published":false,"_joinchat":{"telephone":"+584128303929"}},"estado":[],"product_brand":[566],"product_cat":[47],"product_tag":[297],"class_list":{"0":"post-113583","1":"product","2":"type-product","3":"status-publish","4":"has-post-thumbnail","6":"product_brand-invictus","7":"product_cat-casa","8":"product_tag-null","9":"product_shipping_class-null","10":"pa_asesor-atr-jhanett-lourdes-pina-de-cannella","11":"pa_oficina-atr-invictus","12":"pa_ubicacion-carabobo","13":"desktop-align-left","14":"tablet-align-left","15":"mobile-align-left","17":"first","18":"instock","19":"shipping-taxable","20":"purchasable","21":"product-type-simple"},"acf":[],"uagb_featured_image_src":{"full":["https:\/\/i0.wp.com\/skygroup.com.ve\/web\/wp-content\/uploads\/2026\/04\/11208_8.jpeg?fit=810%2C1080&ssl=1",810,1080,false],"thumbnail":["https:\/\/i0.wp.com\/skygroup.com.ve\/web\/wp-content\/uploads\/2026\/04\/11208_8.jpeg?resize=150%2C150&ssl=1",150,150,true],"medium":["https:\/\/i0.wp.com\/skygroup.com.ve\/web\/wp-content\/uploads\/2026\/04\/11208_8.jpeg?fit=225%2C300&ssl=1",225,300,true],"medium_large":["https:\/\/i0.wp.com\/skygroup.com.ve\/web\/wp-content\/uploads\/2026\/04\/11208_8.jpeg?fit=768%2C1024&ssl=1",768,1024,true],"large":["https:\/\/i0.wp.com\/skygroup.com.ve\/web\/wp-content\/uploads\/2026\/04\/11208_8.jpeg?fit=768%2C1024&ssl=1",768,1024,true],"1536x1536":["https:\/\/i0.wp.com\/skygroup.com.ve\/web\/wp-content\/uploads\/2026\/04\/11208_8.jpeg?fit=810%2C1080&ssl=1",810,1080,true],"2048x2048":["https:\/\/i0.wp.com\/skygroup.com.ve\/web\/wp-content\/uploads\/2026\/04\/11208_8.jpeg?fit=810%2C1080&ssl=1",810,1080,true],"woocommerce_thumbnail":["https:\/\/i0.wp.com\/skygroup.com.ve\/web\/wp-content\/uploads\/2026\/04\/11208_8.jpeg?resize=300%2C300&ssl=1",300,300,true],"woocommerce_single":["https:\/\/i0.wp.com\/skygroup.com.ve\/web\/wp-content\/uploads\/2026\/04\/11208_8.jpeg?fit=600%2C800&ssl=1",600,800,true],"woocommerce_gallery_thumbnail":["https:\/\/i0.wp.com\/skygroup.com.ve\/web\/wp-content\/uploads\/2026\/04\/11208_8.jpeg?resize=100%2C100&ssl=1",100,100,true]},"uagb_author_info":{"display_name":"adminweb","author_link":"https:\/\/skygroup.com.ve\/web\/author\/"},"uagb_comment_info":0,"uagb_excerpt":"Sky Group INVICTUS Vende Casa Urb. Prebo Iii - Valencia","jetpack_sharing_enabled":true,"_links":{"self":[{"href":"https:\/\/skygroup.com.ve\/web\/wp-json\/wp\/v2\/product\/113583","targetHints":{"allow":["GET"]}}],"collection":[{"href":"https:\/\/skygroup.com.ve\/web\/wp-json\/wp\/v2\/product"}],"about":[{"href":"https:\/\/skygroup.com.ve\/web\/wp-json\/wp\/v2\/types\/product"}],"wp:featuredmedia":[{"embeddable":true,"href":"https:\/\/skygroup.com.ve\/web\/wp-json\/wp\/v2\/media\/113434"}],"wp:attachment":[{"href":"https:\/\/skygroup.com.ve\/web\/wp-json\/wp\/v2\/media?parent=113583"}],"wp:term":[{"taxonomy":"estado","embeddable":true,"href":"https:\/\/skygroup.com.ve\/web\/wp-json\/wp\/v2\/estado?post=113583"},{"taxonomy":"product_brand","embeddable":true,"href":"https:\/\/skygroup.com.ve\/web\/wp-json\/wp\/v2\/product_brand?post=113583"},{"taxonomy":"product_cat","embeddable":true,"href":"https:\/\/skygroup.com.ve\/web\/wp-json\/wp\/v2\/product_cat?post=113583"},{"taxonomy":"product_tag","embeddable":true,"href":"https:\/\/skygroup.com.ve\/web\/wp-json\/wp\/v2\/product_tag?post=113583"}],"curies":[{"name":"wp","href":"https:\/\/api.w.org\/{rel}","templated":true}]}}