{"id":113706,"date":"2026-04-25T14:55:13","date_gmt":"2026-04-25T18:55:13","guid":{"rendered":"https:\/\/skygroup.com.ve\/web\/producto\/pla-1954-apartamento-en-alquiler-residencias-las-aves-semi-amoblado-con-cocina-espectacular\/"},"modified":"2026-04-25T14:55:18","modified_gmt":"2026-04-25T18:55:18","slug":"pla-1954-apartamento-en-alquiler-residencias-las-aves-semi-amoblado-con-cocina-espectacular","status":"publish","type":"product","link":"https:\/\/skygroup.com.ve\/web\/producto\/pla-1954-apartamento-en-alquiler-residencias-las-aves-semi-amoblado-con-cocina-espectacular\/","title":{"rendered":"PLA-1954 Apartamento en Alquiler Residencias Las Aves Semi Amoblado Con Cocina Espectacular."},"content":{"rendered":"<p>Sky Group Alquila Apartamento Residencias Las Aves.<\/p>\n<p>Este apartamento  que se encuentra en un exclusivo conjunto residencial, Residencias Las Aves, ubicado en la prestigiosa Urbanizaci\u00f3n La Granja.<\/p>\n<p> El conjunto ofrece seguridad las 24 horas y cuenta con \u00e1reas comunes dise\u00f1adas para el disfrute y la comodidad de sus residentes.<\/p>\n<p>Al ingresar  un elegante lobby da la bienvenida al edificio.<br \/>\n-107 m2<br \/>\n&#8211; Piso bajo<br \/>\n-Amplia sala comedor<br \/>\n&#8211; Cocina actualizada con dise\u00f1o moderno con una isla en el medio para desayunador., equipada con Nevera doble puerta, cocina, campana, con acabados de lujo.<br \/>\n&#8211; 3 habitaciones<br \/>\n&#8211; 2 ba\u00f1os<br \/>\n&#8211; Area de Faena<br \/>\n&#8211; 2 puestos de estacionamiento techados.<\/p>\n<p> Bondades del conjunto<br \/>\n&#8211; SIn problemas de agua, pozo profundo de agua y adem\u00e1s tanque subterr\u00e1neo y a\u00e9reo.<br \/>\n&#8211; Areas verdes<br \/>\n-Salon de fiesta<br \/>\n&#8211; Excelente condominio<br \/>\n-Vigilancia Privada  24\/7<br \/>\n&#8211;  Excelente ubicaci\u00f3n, cerca de CC Cristal, cc la Granja y cc Paseo la Granja, supermercados, restaurantes.<\/p>\n<p>Canon incluye condominio.<\/p>\n<p> Condiciones de negociaci\u00f3n<br \/>\n 3 meses de deposito<br \/>\n 3 meses de adelanto<br \/>\n 1 mes de comision<br \/>\n gastos contrato<\/p>\n","protected":false},"excerpt":{"rendered":"<p>Sky Group PLATINUM Alquila Apartamento Residencias Las Aves Semi Amoblado Con Cocina Espectacular.<\/p>\n","protected":false},"featured_media":113635,"template":"","meta":{"_acf_changed":false,"_uag_custom_page_level_css":"","site-sidebar-layout":"default","site-content-layout":"","ast-site-content-layout":"default","site-content-style":"default","site-sidebar-style":"default","ast-global-header-display":"","ast-banner-title-visibility":"","ast-main-header-display":"","ast-hfb-above-header-display":"","ast-hfb-below-header-display":"","ast-hfb-mobile-header-display":"","site-post-title":"","ast-breadcrumbs-content":"","ast-featured-img":"","footer-sml-layout":"","ast-disable-related-posts":"","theme-transparent-header-meta":"default","adv-header-id-meta":"","stick-header-meta":"","header-above-stick-meta":"","header-main-stick-meta":"","header-below-stick-meta":"","astra-migrate-meta-layouts":"default","ast-page-background-enabled":"default","ast-page-background-meta":{"desktop":{"background-color":"var(--ast-global-color-4)","background-image":"","background-repeat":"repeat","background-position":"center center","background-size":"auto","background-attachment":"scroll","background-type":"","background-media":"","overlay-type":"","overlay-color":"","overlay-opacity":"","overlay-gradient":""},"tablet":{"background-color":"","background-image":"","background-repeat":"repeat","background-position":"center center","background-size":"auto","background-attachment":"scroll","background-type":"","background-media":"","overlay-type":"","overlay-color":"","overlay-opacity":"","overlay-gradient":""},"mobile":{"background-color":"","background-image":"","background-repeat":"repeat","background-position":"center center","background-size":"auto","background-attachment":"scroll","background-type":"","background-media":"","overlay-type":"","overlay-color":"","overlay-opacity":"","overlay-gradient":""}},"ast-content-background-meta":{"desktop":{"background-color":"var(--ast-global-color-5)","background-image":"","background-repeat":"repeat","background-position":"center center","background-size":"auto","background-attachment":"scroll","background-type":"","background-media":"","overlay-type":"","overlay-color":"","overlay-opacity":"","overlay-gradient":""},"tablet":{"background-color":"var(--ast-global-color-5)","background-image":"","background-repeat":"repeat","background-position":"center center","background-size":"auto","background-attachment":"scroll","background-type":"","background-media":"","overlay-type":"","overlay-color":"","overlay-opacity":"","overlay-gradient":""},"mobile":{"background-color":"var(--ast-global-color-5)","background-image":"","background-repeat":"repeat","background-position":"center center","background-size":"auto","background-attachment":"scroll","background-type":"","background-media":"","overlay-type":"","overlay-color":"","overlay-opacity":"","overlay-gradient":""}},"jetpack_post_was_ever_published":false,"_joinchat":{"telephone":"+584121728125"}},"estado":[],"product_brand":[557],"product_cat":[26],"product_tag":[297],"class_list":{"0":"post-113706","1":"product","2":"type-product","3":"status-publish","4":"has-post-thumbnail","6":"product_brand-platinum","7":"product_cat-apartamento","8":"product_tag-null","9":"product_shipping_class-null","10":"pa_asesor-atr-nardy-inmaculada-meza-zerpa","11":"pa_oficina-atr-platinum","12":"pa_ubicacion-carabobo","13":"desktop-align-left","14":"tablet-align-left","15":"mobile-align-left","17":"first","18":"instock","19":"shipping-taxable","20":"purchasable","21":"product-type-simple"},"acf":[],"uagb_featured_image_src":{"full":["https:\/\/i0.wp.com\/skygroup.com.ve\/web\/wp-content\/uploads\/2026\/04\/11211_1.jpeg?fit=600%2C800&ssl=1",600,800,false],"thumbnail":["https:\/\/i0.wp.com\/skygroup.com.ve\/web\/wp-content\/uploads\/2026\/04\/11211_1.jpeg?resize=150%2C150&ssl=1",150,150,true],"medium":["https:\/\/i0.wp.com\/skygroup.com.ve\/web\/wp-content\/uploads\/2026\/04\/11211_1.jpeg?fit=225%2C300&ssl=1",225,300,true],"medium_large":["https:\/\/i0.wp.com\/skygroup.com.ve\/web\/wp-content\/uploads\/2026\/04\/11211_1.jpeg?fit=600%2C800&ssl=1",600,800,true],"large":["https:\/\/i0.wp.com\/skygroup.com.ve\/web\/wp-content\/uploads\/2026\/04\/11211_1.jpeg?fit=600%2C800&ssl=1",600,800,true],"1536x1536":["https:\/\/i0.wp.com\/skygroup.com.ve\/web\/wp-content\/uploads\/2026\/04\/11211_1.jpeg?fit=600%2C800&ssl=1",600,800,true],"2048x2048":["https:\/\/i0.wp.com\/skygroup.com.ve\/web\/wp-content\/uploads\/2026\/04\/11211_1.jpeg?fit=600%2C800&ssl=1",600,800,true],"woocommerce_thumbnail":["https:\/\/i0.wp.com\/skygroup.com.ve\/web\/wp-content\/uploads\/2026\/04\/11211_1.jpeg?resize=300%2C300&ssl=1",300,300,true],"woocommerce_single":["https:\/\/i0.wp.com\/skygroup.com.ve\/web\/wp-content\/uploads\/2026\/04\/11211_1.jpeg?fit=600%2C800&ssl=1",600,800,true],"woocommerce_gallery_thumbnail":["https:\/\/i0.wp.com\/skygroup.com.ve\/web\/wp-content\/uploads\/2026\/04\/11211_1.jpeg?resize=100%2C100&ssl=1",100,100,true]},"uagb_author_info":{"display_name":"adminweb","author_link":"https:\/\/skygroup.com.ve\/web\/author\/"},"uagb_comment_info":0,"uagb_excerpt":"Sky Group PLATINUM Alquila Apartamento Residencias Las Aves Semi Amoblado Con Cocina Espectacular.","jetpack_sharing_enabled":true,"_links":{"self":[{"href":"https:\/\/skygroup.com.ve\/web\/wp-json\/wp\/v2\/product\/113706","targetHints":{"allow":["GET"]}}],"collection":[{"href":"https:\/\/skygroup.com.ve\/web\/wp-json\/wp\/v2\/product"}],"about":[{"href":"https:\/\/skygroup.com.ve\/web\/wp-json\/wp\/v2\/types\/product"}],"wp:featuredmedia":[{"embeddable":true,"href":"https:\/\/skygroup.com.ve\/web\/wp-json\/wp\/v2\/media\/113635"}],"wp:attachment":[{"href":"https:\/\/skygroup.com.ve\/web\/wp-json\/wp\/v2\/media?parent=113706"}],"wp:term":[{"taxonomy":"estado","embeddable":true,"href":"https:\/\/skygroup.com.ve\/web\/wp-json\/wp\/v2\/estado?post=113706"},{"taxonomy":"product_brand","embeddable":true,"href":"https:\/\/skygroup.com.ve\/web\/wp-json\/wp\/v2\/product_brand?post=113706"},{"taxonomy":"product_cat","embeddable":true,"href":"https:\/\/skygroup.com.ve\/web\/wp-json\/wp\/v2\/product_cat?post=113706"},{"taxonomy":"product_tag","embeddable":true,"href":"https:\/\/skygroup.com.ve\/web\/wp-json\/wp\/v2\/product_tag?post=113706"}],"curies":[{"name":"wp","href":"https:\/\/api.w.org\/{rel}","templated":true}]}}

<p>Sky Group Alquila Apartamento Residencias Las Aves.</p>
<p>Este apartamento  que se encuentra en un exclusivo conjunto residencial, Residencias Las Aves, ubicado en la prestigiosa Urbanización La Granja.</p>
<p> El conjunto ofrece seguridad las 24 horas y cuenta con áreas comunes diseñadas para el disfrute y la comodidad de sus residentes.</p>
<p>Al ingresar  un elegante lobby da la bienvenida al edificio.<br />
-107 m2<br />
&#8211; Piso bajo<br />
-Amplia sala comedor<br />
&#8211; Cocina actualizada con diseño moderno con una isla en el medio para desayunador., equipada con Nevera doble puerta, cocina, campana, con acabados de lujo.<br />
&#8211; 3 habitaciones<br />
&#8211; 2 baños<br />
&#8211; Area de Faena<br />
&#8211; 2 puestos de estacionamiento techados.</p>
<p> Bondades del conjunto<br />
&#8211; SIn problemas de agua, pozo profundo de agua y además tanque subterráneo y aéreo.<br />
&#8211; Areas verdes<br />
-Salon de fiesta<br />
&#8211; Excelente condominio<br />
-Vigilancia Privada  24/7<br />
&#8211;  Excelente ubicación, cerca de CC Cristal, cc la Granja y cc Paseo la Granja, supermercados, restaurantes.</p>
<p>Canon incluye condominio.</p>
<p> Condiciones de negociación<br />
 3 meses de deposito<br />
 3 meses de adelanto<br />
 1 mes de comision<br />
 gastos contrato</p>
