{"id":13258,"date":"2024-08-01T20:44:59","date_gmt":"2024-08-02T00:44:59","guid":{"rendered":"https:\/\/skygroup.com.ve\/web\/producto\/elbed-004-edificio-en-venta-zona-comercial-de-barquisimeto\/"},"modified":"2026-04-07T20:50:26","modified_gmt":"2026-04-08T00:50:26","slug":"elbed-004-edificio-en-venta-zona-comercial-de-barquisimeto","status":"publish","type":"product","link":"https:\/\/skygroup.com.ve\/web\/producto\/elbed-004-edificio-en-venta-zona-comercial-de-barquisimeto\/","title":{"rendered":"ELBED-004 Edificio en Venta Zona Comercial De Barquisimeto"},"content":{"rendered":"<p>Sky Group Elegance Vende Edificio Multiprop\u00f3sito, ideal para oficinas, centro m\u00e9dico, centro educacional o cualquier actividad econ\u00f3mica. Excelente ubicaci\u00f3n comercial. en Barquisimeto, Lara. <\/p>\n<p>1275 m\u00b2 Terreno<br \/>\n797 m2 Construcci\u00f3n<\/p>\n<p>Edificaci\u00f3n de dos (02) plantas en terreno propio<br \/>\n26 espacios para habitaciones, oficinas, aulas u otros;  cada una con  A\/A , calentador y ba\u00f1o privado<br \/>\n01  ba\u00f1o auxiliar<br \/>\nLobby<br \/>\n\u00c1rea de recepci\u00f3n<br \/>\n02 Oficinas<br \/>\nTanque subterr\u00e1neo de 30.000 lts<br \/>\nTanque de reserva de 1.000 lts<br \/>\n\u00c1rea de lavander\u00eda<br \/>\nEstacionamiento para 15 veh\u00edculos<br \/>\nSistema de seguridad por c\u00e1maras<br \/>\n\u00c1rea de dep\u00f3sito<\/p>\n<p>Cercano a centros comerciales, restaurantes, supermercados, farmacias, panader\u00edas, bancos, colegios, estaciones de servicio y comercios de diversa \u00edndole.<\/p>\n<p>F\u00e1cil acceso a avenidas principales y transporte p\u00fablico. <\/p>\n<p>PRECIO DE VENTA $380.000<\/p>\n","protected":false},"excerpt":{"rendered":"<p>Sky Group ELEGANCE &#8211; BARQUISIMETO Vende Edificio Zona Comercial De Barquisimeto <\/p>\n","protected":false},"featured_media":23114,"template":"","meta":{"_acf_changed":false,"_uag_custom_page_level_css":"","site-sidebar-layout":"default","site-content-layout":"","ast-site-content-layout":"default","site-content-style":"default","site-sidebar-style":"default","ast-global-header-display":"","ast-banner-title-visibility":"","ast-main-header-display":"","ast-hfb-above-header-display":"","ast-hfb-below-header-display":"","ast-hfb-mobile-header-display":"","site-post-title":"","ast-breadcrumbs-content":"","ast-featured-img":"","footer-sml-layout":"","ast-disable-related-posts":"","theme-transparent-header-meta":"default","adv-header-id-meta":"","stick-header-meta":"","header-above-stick-meta":"","header-main-stick-meta":"","header-below-stick-meta":"","astra-migrate-meta-layouts":"default","ast-page-background-enabled":"default","ast-page-background-meta":{"desktop":{"background-color":"var(--ast-global-color-4)","background-image":"","background-repeat":"repeat","background-position":"center center","background-size":"auto","background-attachment":"scroll","background-type":"","background-media":"","overlay-type":"","overlay-color":"","overlay-opacity":"","overlay-gradient":""},"tablet":{"background-color":"","background-image":"","background-repeat":"repeat","background-position":"center center","background-size":"auto","background-attachment":"scroll","background-type":"","background-media":"","overlay-type":"","overlay-color":"","overlay-opacity":"","overlay-gradient":""},"mobile":{"background-color":"","background-image":"","background-repeat":"repeat","background-position":"center center","background-size":"auto","background-attachment":"scroll","background-type":"","background-media":"","overlay-type":"","overlay-color":"","overlay-opacity":"","overlay-gradient":""}},"ast-content-background-meta":{"desktop":{"background-color":"var(--ast-global-color-5)","background-image":"","background-repeat":"repeat","background-position":"center center","background-size":"auto","background-attachment":"scroll","background-type":"","background-media":"","overlay-type":"","overlay-color":"","overlay-opacity":"","overlay-gradient":""},"tablet":{"background-color":"var(--ast-global-color-5)","background-image":"","background-repeat":"repeat","background-position":"center center","background-size":"auto","background-attachment":"scroll","background-type":"","background-media":"","overlay-type":"","overlay-color":"","overlay-opacity":"","overlay-gradient":""},"mobile":{"background-color":"var(--ast-global-color-5)","background-image":"","background-repeat":"repeat","background-position":"center center","background-size":"auto","background-attachment":"scroll","background-type":"","background-media":"","overlay-type":"","overlay-color":"","overlay-opacity":"","overlay-gradient":""}},"jetpack_post_was_ever_published":false,"_joinchat":{"telephone":"+584145658844"}},"estado":[],"product_brand":[564],"product_cat":[48],"product_tag":[297],"class_list":{"0":"post-13258","1":"product","2":"type-product","3":"status-publish","4":"has-post-thumbnail","6":"product_brand-elegance-barquisimeto","7":"product_cat-edificio","8":"product_tag-null","9":"product_shipping_class-null","10":"pa_asesor-atr-simon-antonio-hernandez-hernandez","11":"pa_oficina-atr-elegance-barquisimeto","12":"pa_ubicacion-lara","13":"desktop-align-left","14":"tablet-align-left","15":"mobile-align-left","17":"first","18":"instock","19":"shipping-taxable","20":"purchasable","21":"product-type-simple"},"acf":[],"uagb_featured_image_src":{"full":["https:\/\/i0.wp.com\/skygroup.com.ve\/web\/wp-content\/uploads\/2024\/08\/6123_photo_1_2024-07-22_12-21-06.jpg?fit=700%2C933&ssl=1",700,933,false],"thumbnail":["https:\/\/i0.wp.com\/skygroup.com.ve\/web\/wp-content\/uploads\/2024\/08\/6123_photo_1_2024-07-22_12-21-06.jpg?resize=150%2C150&ssl=1",150,150,true],"medium":["https:\/\/i0.wp.com\/skygroup.com.ve\/web\/wp-content\/uploads\/2024\/08\/6123_photo_1_2024-07-22_12-21-06.jpg?fit=225%2C300&ssl=1",225,300,true],"medium_large":["https:\/\/i0.wp.com\/skygroup.com.ve\/web\/wp-content\/uploads\/2024\/08\/6123_photo_1_2024-07-22_12-21-06.jpg?fit=700%2C933&ssl=1",700,933,true],"large":["https:\/\/i0.wp.com\/skygroup.com.ve\/web\/wp-content\/uploads\/2024\/08\/6123_photo_1_2024-07-22_12-21-06.jpg?fit=700%2C933&ssl=1",700,933,true],"1536x1536":["https:\/\/i0.wp.com\/skygroup.com.ve\/web\/wp-content\/uploads\/2024\/08\/6123_photo_1_2024-07-22_12-21-06.jpg?fit=700%2C933&ssl=1",700,933,true],"2048x2048":["https:\/\/i0.wp.com\/skygroup.com.ve\/web\/wp-content\/uploads\/2024\/08\/6123_photo_1_2024-07-22_12-21-06.jpg?fit=700%2C933&ssl=1",700,933,true],"woocommerce_thumbnail":["https:\/\/i0.wp.com\/skygroup.com.ve\/web\/wp-content\/uploads\/2024\/08\/6123_photo_1_2024-07-22_12-21-06.jpg?resize=300%2C300&ssl=1",300,300,true],"woocommerce_single":["https:\/\/i0.wp.com\/skygroup.com.ve\/web\/wp-content\/uploads\/2024\/08\/6123_photo_1_2024-07-22_12-21-06.jpg?fit=600%2C800&ssl=1",600,800,true],"woocommerce_gallery_thumbnail":["https:\/\/i0.wp.com\/skygroup.com.ve\/web\/wp-content\/uploads\/2024\/08\/6123_photo_1_2024-07-22_12-21-06.jpg?resize=100%2C100&ssl=1",100,100,true]},"uagb_author_info":{"display_name":"adminweb","author_link":"https:\/\/skygroup.com.ve\/web\/author\/"},"uagb_comment_info":0,"uagb_excerpt":"Sky Group ELEGANCE - BARQUISIMETO Vende Edificio Zona Comercial De Barquisimeto","jetpack_sharing_enabled":true,"_links":{"self":[{"href":"https:\/\/skygroup.com.ve\/web\/wp-json\/wp\/v2\/product\/13258","targetHints":{"allow":["GET"]}}],"collection":[{"href":"https:\/\/skygroup.com.ve\/web\/wp-json\/wp\/v2\/product"}],"about":[{"href":"https:\/\/skygroup.com.ve\/web\/wp-json\/wp\/v2\/types\/product"}],"wp:featuredmedia":[{"embeddable":true,"href":"https:\/\/skygroup.com.ve\/web\/wp-json\/wp\/v2\/media\/23114"}],"wp:attachment":[{"href":"https:\/\/skygroup.com.ve\/web\/wp-json\/wp\/v2\/media?parent=13258"}],"wp:term":[{"taxonomy":"estado","embeddable":true,"href":"https:\/\/skygroup.com.ve\/web\/wp-json\/wp\/v2\/estado?post=13258"},{"taxonomy":"product_brand","embeddable":true,"href":"https:\/\/skygroup.com.ve\/web\/wp-json\/wp\/v2\/product_brand?post=13258"},{"taxonomy":"product_cat","embeddable":true,"href":"https:\/\/skygroup.com.ve\/web\/wp-json\/wp\/v2\/product_cat?post=13258"},{"taxonomy":"product_tag","embeddable":true,"href":"https:\/\/skygroup.com.ve\/web\/wp-json\/wp\/v2\/product_tag?post=13258"}],"curies":[{"name":"wp","href":"https:\/\/api.w.org\/{rel}","templated":true}]}}