{"id":26075,"date":"2024-08-05T01:41:21","date_gmt":"2024-08-05T05:41:21","guid":{"rendered":"https:\/\/skygroup.com.ve\/web\/producto\/elb-ed-001-edificio-en-venta-zona-centro-oeste-de-barquisimeto-lara\/"},"modified":"2026-04-07T20:50:28","modified_gmt":"2026-04-08T00:50:28","slug":"elb-ed-001-edificio-en-venta-zona-centro-oeste-de-barquisimeto-lara","status":"publish","type":"product","link":"https:\/\/skygroup.com.ve\/web\/producto\/elb-ed-001-edificio-en-venta-zona-centro-oeste-de-barquisimeto-lara\/","title":{"rendered":"ELB-ED-001 Edificio en Venta Zona Centro Oeste De Barquisimeto, Lara"},"content":{"rendered":"<p>SKY GROUP ELEGANCE OFRECE EN VENTA Edificio Comercial de 5 pisos en excelente zona comercial del centro oeste de Barquisimeto<\/p>\n<p>312 m2 de terreno<br \/>\n1.874 m2 de construcci\u00f3n <\/p>\n<p>PLANTA BAJA<br \/>\n\u00c1rea de ventas<br \/>\nLocal con 2 A\/A de 5 toneladas (2 santamar\u00edas y puertas tipo b\u00f3veda)<br \/>\n1 oficina con A\/A de 12.000 BTU y ba\u00f1o privado<br \/>\n1\/2 ba\u00f1o auxiliar en local<br \/>\n\u00c1rea de cocina<br \/>\nEstacionamiento para 4 o 5 veh\u00edculos (\u00e1rea de carga y descarga)<br \/>\n1\/2 ba\u00f1o en \u00e1rea de carga y descarga Port\u00f3n el\u00e9ctrico con Santamar\u00eda<\/p>\n<p>MEZZANINA<br \/>\nElevador de carga<br \/>\n\u00c1rea peque\u00f1a de dep\u00f3sito<br \/>\nGimnasio<\/p>\n<p>PISO 1<br \/>\nApartamento equipado y amoblado<br \/>\n3 habitaciones<br \/>\n3 ba\u00f1os<br \/>\nHabitaci\u00f3n principal con vestier, A\/A y ba\u00f1o privado con jacuzzi.<br \/>\n2 habitaciones con A\/A de 12.000 BTU, cl\u00f3sets (una de ellas con ba\u00f1o privado)<br \/>\nCocina empotrada con encimeras de granito equipada con tope el\u00e9ctrico,<br \/>\nhorno, campana, microondas y nevera de 2 puertas. Ba\u00f1o auxiliar Oficina con A\/A<br \/>\nSala de estar, bar, comedor, family room con A\/A de 3 toneladas.<br \/>\n\u00c1rea de lavander\u00eda totalmente equipada<br \/>\nPatio interno<\/p>\n<p>PISO 2, 3 y 4<br \/>\n\u00c1rea extensa de dep\u00f3sito<br \/>\nElevador de carga y descarga para los 3 pisos<\/p>\n<p>PISO 5<br \/>\nTerraza techada<br \/>\nCancha de p\u00e1del a culminar<br \/>\n2 ba\u00f1os sin culminar<br \/>\nSistema de iluminaci\u00f3n con fotocelda <\/p>\n<p>ADICIONALES<br \/>\nTanque subterr\u00e1neo 8.ooo litros y adicional tanque de 5.000 litros<br \/>\ncon hidroneum\u00e1tico<br \/>\nPress control<br \/>\nSistema de c\u00e1maras circuito cerrado<br \/>\nSistema de alarma<br \/>\nInternet fibra \u00f3ptica SERVITEL<\/p>\n<p>CONSTRUCCI\u00d3N NUEVA, A\u00d1O 2018<br \/>\n                                                                                                                                                                                C\u00d3DIGO  ELB-ED-001<\/p>\n","protected":false},"excerpt":{"rendered":"<p>Sky Group ELEGANCE &#8211; BARQUISIMETO Vende Edificio Zona Centro Oeste De Barquisimeto, Lara<\/p>\n","protected":false},"featured_media":26436,"template":"","meta":{"_acf_changed":false,"_uag_custom_page_level_css":"","site-sidebar-layout":"default","site-content-layout":"","ast-site-content-layout":"default","site-content-style":"default","site-sidebar-style":"default","ast-global-header-display":"","ast-banner-title-visibility":"","ast-main-header-display":"","ast-hfb-above-header-display":"","ast-hfb-below-header-display":"","ast-hfb-mobile-header-display":"","site-post-title":"","ast-breadcrumbs-content":"","ast-featured-img":"","footer-sml-layout":"","ast-disable-related-posts":"","theme-transparent-header-meta":"default","adv-header-id-meta":"","stick-header-meta":"","header-above-stick-meta":"","header-main-stick-meta":"","header-below-stick-meta":"","astra-migrate-meta-layouts":"default","ast-page-background-enabled":"default","ast-page-background-meta":{"desktop":{"background-color":"var(--ast-global-color-4)","background-image":"","background-repeat":"repeat","background-position":"center center","background-size":"auto","background-attachment":"scroll","background-type":"","background-media":"","overlay-type":"","overlay-color":"","overlay-opacity":"","overlay-gradient":""},"tablet":{"background-color":"","background-image":"","background-repeat":"repeat","background-position":"center center","background-size":"auto","background-attachment":"scroll","background-type":"","background-media":"","overlay-type":"","overlay-color":"","overlay-opacity":"","overlay-gradient":""},"mobile":{"background-color":"","background-image":"","background-repeat":"repeat","background-position":"center center","background-size":"auto","background-attachment":"scroll","background-type":"","background-media":"","overlay-type":"","overlay-color":"","overlay-opacity":"","overlay-gradient":""}},"ast-content-background-meta":{"desktop":{"background-color":"var(--ast-global-color-5)","background-image":"","background-repeat":"repeat","background-position":"center center","background-size":"auto","background-attachment":"scroll","background-type":"","background-media":"","overlay-type":"","overlay-color":"","overlay-opacity":"","overlay-gradient":""},"tablet":{"background-color":"var(--ast-global-color-5)","background-image":"","background-repeat":"repeat","background-position":"center center","background-size":"auto","background-attachment":"scroll","background-type":"","background-media":"","overlay-type":"","overlay-color":"","overlay-opacity":"","overlay-gradient":""},"mobile":{"background-color":"var(--ast-global-color-5)","background-image":"","background-repeat":"repeat","background-position":"center center","background-size":"auto","background-attachment":"scroll","background-type":"","background-media":"","overlay-type":"","overlay-color":"","overlay-opacity":"","overlay-gradient":""}},"jetpack_post_was_ever_published":false,"_joinchat":{"telephone":"+584145658844"}},"estado":[],"product_brand":[564],"product_cat":[48],"product_tag":[297],"class_list":{"0":"post-26075","1":"product","2":"type-product","3":"status-publish","4":"has-post-thumbnail","6":"product_brand-elegance-barquisimeto","7":"product_cat-edificio","8":"product_tag-null","9":"product_shipping_class-null","10":"pa_asesor-atr-simon-antonio-hernandez-hernandez","11":"pa_oficina-atr-elegance-barquisimeto","12":"pa_ubicacion-lara","13":"desktop-align-left","14":"tablet-align-left","15":"mobile-align-left","17":"first","18":"instock","19":"shipping-taxable","20":"purchasable","21":"product-type-simple"},"acf":[],"uagb_featured_image_src":{"full":["https:\/\/i0.wp.com\/skygroup.com.ve\/web\/wp-content\/uploads\/2024\/08\/2351_photo_1_2024-08-01_19-00-08.jpg?fit=600%2C800&ssl=1",600,800,false],"thumbnail":["https:\/\/i0.wp.com\/skygroup.com.ve\/web\/wp-content\/uploads\/2024\/08\/2351_photo_1_2024-08-01_19-00-08.jpg?resize=150%2C150&ssl=1",150,150,true],"medium":["https:\/\/i0.wp.com\/skygroup.com.ve\/web\/wp-content\/uploads\/2024\/08\/2351_photo_1_2024-08-01_19-00-08.jpg?fit=225%2C300&ssl=1",225,300,true],"medium_large":["https:\/\/i0.wp.com\/skygroup.com.ve\/web\/wp-content\/uploads\/2024\/08\/2351_photo_1_2024-08-01_19-00-08.jpg?fit=600%2C800&ssl=1",600,800,true],"large":["https:\/\/i0.wp.com\/skygroup.com.ve\/web\/wp-content\/uploads\/2024\/08\/2351_photo_1_2024-08-01_19-00-08.jpg?fit=600%2C800&ssl=1",600,800,true],"1536x1536":["https:\/\/i0.wp.com\/skygroup.com.ve\/web\/wp-content\/uploads\/2024\/08\/2351_photo_1_2024-08-01_19-00-08.jpg?fit=600%2C800&ssl=1",600,800,true],"2048x2048":["https:\/\/i0.wp.com\/skygroup.com.ve\/web\/wp-content\/uploads\/2024\/08\/2351_photo_1_2024-08-01_19-00-08.jpg?fit=600%2C800&ssl=1",600,800,true],"woocommerce_thumbnail":["https:\/\/i0.wp.com\/skygroup.com.ve\/web\/wp-content\/uploads\/2024\/08\/2351_photo_1_2024-08-01_19-00-08.jpg?resize=300%2C300&ssl=1",300,300,true],"woocommerce_single":["https:\/\/i0.wp.com\/skygroup.com.ve\/web\/wp-content\/uploads\/2024\/08\/2351_photo_1_2024-08-01_19-00-08.jpg?fit=600%2C800&ssl=1",600,800,true],"woocommerce_gallery_thumbnail":["https:\/\/i0.wp.com\/skygroup.com.ve\/web\/wp-content\/uploads\/2024\/08\/2351_photo_1_2024-08-01_19-00-08.jpg?resize=100%2C100&ssl=1",100,100,true]},"uagb_author_info":{"display_name":"adminweb","author_link":"https:\/\/skygroup.com.ve\/web\/author\/"},"uagb_comment_info":0,"uagb_excerpt":"Sky Group ELEGANCE - BARQUISIMETO Vende Edificio Zona Centro Oeste De Barquisimeto, Lara","jetpack_sharing_enabled":true,"_links":{"self":[{"href":"https:\/\/skygroup.com.ve\/web\/wp-json\/wp\/v2\/product\/26075","targetHints":{"allow":["GET"]}}],"collection":[{"href":"https:\/\/skygroup.com.ve\/web\/wp-json\/wp\/v2\/product"}],"about":[{"href":"https:\/\/skygroup.com.ve\/web\/wp-json\/wp\/v2\/types\/product"}],"wp:featuredmedia":[{"embeddable":true,"href":"https:\/\/skygroup.com.ve\/web\/wp-json\/wp\/v2\/media\/26436"}],"wp:attachment":[{"href":"https:\/\/skygroup.com.ve\/web\/wp-json\/wp\/v2\/media?parent=26075"}],"wp:term":[{"taxonomy":"estado","embeddable":true,"href":"https:\/\/skygroup.com.ve\/web\/wp-json\/wp\/v2\/estado?post=26075"},{"taxonomy":"product_brand","embeddable":true,"href":"https:\/\/skygroup.com.ve\/web\/wp-json\/wp\/v2\/product_brand?post=26075"},{"taxonomy":"product_cat","embeddable":true,"href":"https:\/\/skygroup.com.ve\/web\/wp-json\/wp\/v2\/product_cat?post=26075"},{"taxonomy":"product_tag","embeddable":true,"href":"https:\/\/skygroup.com.ve\/web\/wp-json\/wp\/v2\/product_tag?post=26075"}],"curies":[{"name":"wp","href":"https:\/\/api.w.org\/{rel}","templated":true}]}}