{"id":26106,"date":"2024-08-05T01:42:37","date_gmt":"2024-08-05T05:42:37","guid":{"rendered":"https:\/\/skygroup.com.ve\/web\/producto\/elb-th-016-casa-en-venta-colinas-del-viento\/"},"modified":"2026-04-07T20:50:31","modified_gmt":"2026-04-08T00:50:31","slug":"elb-th-016-casa-en-venta-colinas-del-viento","status":"publish","type":"product","link":"https:\/\/skygroup.com.ve\/web\/producto\/elb-th-016-casa-en-venta-colinas-del-viento\/","title":{"rendered":"ELB-TH-016 Casa en Venta Colinas Del Viento"},"content":{"rendered":"<p>SkyGroup Elegance vende <\/p>\n<p>Espectacular Townhouse de 4 Niveles en Colinas del Viento Semiamoblado y Totalmente Equipado<\/p>\n<p>Condominio Ventisquero <\/p>\n<p>4 Niveles<br \/>\n163m\u00b2<br \/>\n3 habitaciones + Servicio<br \/>\n3 y \u00bd Ba\u00f1os<br \/>\n2 P\/E<br \/>\n100% Planta El\u00e9ctrica <\/p>\n<p>Nivel Sotano:<br \/>\n-Area de Servicio con Ba\u00f1o Privado y Acceso al Estacionamiento<br \/>\n-Habitacion de Servicio<br \/>\n-2 Puestos de Estacionamiento <\/p>\n<p>Nivel PB:<br \/>\n-Area de Recibo<br \/>\n-\u00bd Ba\u00f1o<br \/>\n-Area de Sala\/Comedor<br \/>\n-Cocina Moderna con Tope de Granito<br \/>\n-Nevera 2 Puertas<br \/>\n-Patio Amplio con Terreno Adicional<br \/>\n-2do Acceso a la Vivienda desde los puestos de Visitante<br \/>\n-Tanque Subterr\u00e1neo de 8.500 lts con Sistema de Hidroneum\u00e1tico<\/p>\n<p>Nivel 1:<br \/>\n-Family Room<br \/>\n-Terraza Privada<br \/>\n-Habitaci\u00f3n Principal con Vestier y Ba\u00f1o Privado<\/p>\n<p>Nivel 2:<br \/>\n-Habitaci\u00f3n Ampliada con Cl\u00f3set de Primera<br \/>\n-Habitaci\u00f3n con Cl\u00f3set de Primera<br \/>\n-Peque\u00f1a Terraza Descubierta<br \/>\n-Ba\u00f1o Completo compartido<\/p>\n<p>Casa con Buenos Acabados, con Posibilidad de Dejar parte del Mobiliario, Conectada a la Planta El\u00e9ctrica y En un Urbanismo de Categor\u00eda con Excelente Condominio, Hermosas caminerias y \u00c1reas Verdes, Parques Infantiles, Piscina, Caney para fiestas y muchas \u00e1reas sociales destinadas para el disfrute. <\/p>\n<p>Vive en Colinas del Viento y Vive como si estuvieras de Vacaciones <\/p>\n<p>120.000$ Negociable<br \/>\nSe escuchan Propuestas<\/p>\n","protected":false},"excerpt":{"rendered":"<p>Sky Group ELEGANCE &#8211; BARQUISIMETO Vende Casa Colinas Del Viento<\/p>\n","protected":false},"featured_media":26716,"template":"","meta":{"_acf_changed":false,"_uag_custom_page_level_css":"","site-sidebar-layout":"default","site-content-layout":"","ast-site-content-layout":"default","site-content-style":"default","site-sidebar-style":"default","ast-global-header-display":"","ast-banner-title-visibility":"","ast-main-header-display":"","ast-hfb-above-header-display":"","ast-hfb-below-header-display":"","ast-hfb-mobile-header-display":"","site-post-title":"","ast-breadcrumbs-content":"","ast-featured-img":"","footer-sml-layout":"","ast-disable-related-posts":"","theme-transparent-header-meta":"default","adv-header-id-meta":"","stick-header-meta":"","header-above-stick-meta":"","header-main-stick-meta":"","header-below-stick-meta":"","astra-migrate-meta-layouts":"default","ast-page-background-enabled":"default","ast-page-background-meta":{"desktop":{"background-color":"var(--ast-global-color-4)","background-image":"","background-repeat":"repeat","background-position":"center center","background-size":"auto","background-attachment":"scroll","background-type":"","background-media":"","overlay-type":"","overlay-color":"","overlay-opacity":"","overlay-gradient":""},"tablet":{"background-color":"","background-image":"","background-repeat":"repeat","background-position":"center center","background-size":"auto","background-attachment":"scroll","background-type":"","background-media":"","overlay-type":"","overlay-color":"","overlay-opacity":"","overlay-gradient":""},"mobile":{"background-color":"","background-image":"","background-repeat":"repeat","background-position":"center center","background-size":"auto","background-attachment":"scroll","background-type":"","background-media":"","overlay-type":"","overlay-color":"","overlay-opacity":"","overlay-gradient":""}},"ast-content-background-meta":{"desktop":{"background-color":"var(--ast-global-color-5)","background-image":"","background-repeat":"repeat","background-position":"center center","background-size":"auto","background-attachment":"scroll","background-type":"","background-media":"","overlay-type":"","overlay-color":"","overlay-opacity":"","overlay-gradient":""},"tablet":{"background-color":"var(--ast-global-color-5)","background-image":"","background-repeat":"repeat","background-position":"center center","background-size":"auto","background-attachment":"scroll","background-type":"","background-media":"","overlay-type":"","overlay-color":"","overlay-opacity":"","overlay-gradient":""},"mobile":{"background-color":"var(--ast-global-color-5)","background-image":"","background-repeat":"repeat","background-position":"center center","background-size":"auto","background-attachment":"scroll","background-type":"","background-media":"","overlay-type":"","overlay-color":"","overlay-opacity":"","overlay-gradient":""}},"jetpack_post_was_ever_published":false,"_joinchat":{"telephone":"+584248295001"}},"estado":[],"product_brand":[564],"product_cat":[47],"product_tag":[297],"class_list":{"0":"post-26106","1":"product","2":"type-product","3":"status-publish","4":"has-post-thumbnail","6":"product_brand-elegance-barquisimeto","7":"product_cat-casa","8":"product_tag-null","9":"product_shipping_class-null","10":"pa_asesor-atr-soraya-isabel-blanco-de-quijano","11":"pa_oficina-atr-elegance-barquisimeto","12":"pa_ubicacion-lara","13":"desktop-align-left","14":"tablet-align-left","15":"mobile-align-left","17":"first","18":"instock","19":"shipping-taxable","20":"purchasable","21":"product-type-simple"},"acf":[],"uagb_featured_image_src":{"full":["https:\/\/i0.wp.com\/skygroup.com.ve\/web\/wp-content\/uploads\/2024\/08\/4523_2.jpeg?fit=600%2C800&ssl=1",600,800,false],"thumbnail":["https:\/\/i0.wp.com\/skygroup.com.ve\/web\/wp-content\/uploads\/2024\/08\/4523_2.jpeg?resize=150%2C150&ssl=1",150,150,true],"medium":["https:\/\/i0.wp.com\/skygroup.com.ve\/web\/wp-content\/uploads\/2024\/08\/4523_2.jpeg?fit=225%2C300&ssl=1",225,300,true],"medium_large":["https:\/\/i0.wp.com\/skygroup.com.ve\/web\/wp-content\/uploads\/2024\/08\/4523_2.jpeg?fit=600%2C800&ssl=1",600,800,true],"large":["https:\/\/i0.wp.com\/skygroup.com.ve\/web\/wp-content\/uploads\/2024\/08\/4523_2.jpeg?fit=600%2C800&ssl=1",600,800,true],"1536x1536":["https:\/\/i0.wp.com\/skygroup.com.ve\/web\/wp-content\/uploads\/2024\/08\/4523_2.jpeg?fit=600%2C800&ssl=1",600,800,true],"2048x2048":["https:\/\/i0.wp.com\/skygroup.com.ve\/web\/wp-content\/uploads\/2024\/08\/4523_2.jpeg?fit=600%2C800&ssl=1",600,800,true],"woocommerce_thumbnail":["https:\/\/i0.wp.com\/skygroup.com.ve\/web\/wp-content\/uploads\/2024\/08\/4523_2.jpeg?resize=300%2C300&ssl=1",300,300,true],"woocommerce_single":["https:\/\/i0.wp.com\/skygroup.com.ve\/web\/wp-content\/uploads\/2024\/08\/4523_2.jpeg?fit=600%2C800&ssl=1",600,800,true],"woocommerce_gallery_thumbnail":["https:\/\/i0.wp.com\/skygroup.com.ve\/web\/wp-content\/uploads\/2024\/08\/4523_2.jpeg?resize=100%2C100&ssl=1",100,100,true]},"uagb_author_info":{"display_name":"adminweb","author_link":"https:\/\/skygroup.com.ve\/web\/author\/"},"uagb_comment_info":0,"uagb_excerpt":"Sky Group ELEGANCE - BARQUISIMETO Vende Casa Colinas Del Viento","jetpack_sharing_enabled":true,"_links":{"self":[{"href":"https:\/\/skygroup.com.ve\/web\/wp-json\/wp\/v2\/product\/26106","targetHints":{"allow":["GET"]}}],"collection":[{"href":"https:\/\/skygroup.com.ve\/web\/wp-json\/wp\/v2\/product"}],"about":[{"href":"https:\/\/skygroup.com.ve\/web\/wp-json\/wp\/v2\/types\/product"}],"wp:featuredmedia":[{"embeddable":true,"href":"https:\/\/skygroup.com.ve\/web\/wp-json\/wp\/v2\/media\/26716"}],"wp:attachment":[{"href":"https:\/\/skygroup.com.ve\/web\/wp-json\/wp\/v2\/media?parent=26106"}],"wp:term":[{"taxonomy":"estado","embeddable":true,"href":"https:\/\/skygroup.com.ve\/web\/wp-json\/wp\/v2\/estado?post=26106"},{"taxonomy":"product_brand","embeddable":true,"href":"https:\/\/skygroup.com.ve\/web\/wp-json\/wp\/v2\/product_brand?post=26106"},{"taxonomy":"product_cat","embeddable":true,"href":"https:\/\/skygroup.com.ve\/web\/wp-json\/wp\/v2\/product_cat?post=26106"},{"taxonomy":"product_tag","embeddable":true,"href":"https:\/\/skygroup.com.ve\/web\/wp-json\/wp\/v2\/product_tag?post=26106"}],"curies":[{"name":"wp","href":"https:\/\/api.w.org\/{rel}","templated":true}]}}