{"id":40467,"date":"2024-10-28T23:52:32","date_gmt":"2024-10-29T03:52:32","guid":{"rendered":"https:\/\/skygroup.com.ve\/web\/producto\/eth-001-hotel-en-venta-tucacas-edo-falcon\/"},"modified":"2026-04-07T20:50:52","modified_gmt":"2026-04-08T00:50:52","slug":"eth-001-hotel-en-venta-tucacas-edo-falcon","status":"publish","type":"product","link":"https:\/\/skygroup.com.ve\/web\/producto\/eth-001-hotel-en-venta-tucacas-edo-falcon\/","title":{"rendered":"ETH-001 Hotel en Venta Tucacas Edo Falcon"},"content":{"rendered":"<p>SKY GROUP Platinum Vende Hotel En El Centro De Tucacas Edo Falc\u00f3n<br \/>\nBienvenido a esta gran oportunidad de inversi\u00f3n\u00a0en Tucacas, Edo Falcon! Este edificio te ofrece mucho m\u00e1s\u00a0que un simple hotel, es un espacio lleno de posibilidades para crear un exitoso\u00a0negocio hotelero en\u00a0 el coraz\u00f3n del centro de Tucacas, a solo unos pocos metros de la playa.<br \/>\nConsta\u00a0de 591,08 distribuido en:Recepci\u00f3n12 Habitaciones doble con cocina y ba\u00f1o6 Habitaciones MatrimonialesArea de lavanderiaCuarto de Lencer\u00edaPiscina de 2 Niveles2 Ba\u00f1os en el \u00e1rea de la piscina15 Puestos de EstacionamientoTanque Subterraneo de 60mil\u00a0litro aproxSistema de Circuito cerrado de 15 c\u00e1maras\u00a0y cerco el\u00e9ctrico<br \/>\nLa planta baja del edificio cuenta con 2 locales, la cual brinda la posibilidad de aprovechar\u00a0m\u00e1s\u00a0la ubicaci\u00f3n privilegiada y generar ingresos adicionales. Imaginas la oportunidad de alquilar estos espacios a tiendas, restaurantes\u00a0o cualquier tipo de negocio que pueda complementar tu hotel.<br \/>\n\u00a1No pierdas la oportunidad de \u00e9xitos\u00a0en este destino tur\u00edstico\u00a0incre\u00edble!Cont\u00e1ctenos hoy mismo.<\/p>\n","protected":false},"excerpt":{"rendered":"<p>Sky Group ELITE Vende Hotel Tucacas Edo Falcon<\/p>\n","protected":false},"featured_media":27103,"template":"","meta":{"_acf_changed":false,"_uag_custom_page_level_css":"","site-sidebar-layout":"default","site-content-layout":"","ast-site-content-layout":"default","site-content-style":"default","site-sidebar-style":"default","ast-global-header-display":"","ast-banner-title-visibility":"","ast-main-header-display":"","ast-hfb-above-header-display":"","ast-hfb-below-header-display":"","ast-hfb-mobile-header-display":"","site-post-title":"","ast-breadcrumbs-content":"","ast-featured-img":"","footer-sml-layout":"","ast-disable-related-posts":"","theme-transparent-header-meta":"default","adv-header-id-meta":"","stick-header-meta":"","header-above-stick-meta":"","header-main-stick-meta":"","header-below-stick-meta":"","astra-migrate-meta-layouts":"set","ast-page-background-enabled":"default","ast-page-background-meta":{"desktop":{"background-color":"var(--ast-global-color-4)","background-image":"","background-repeat":"repeat","background-position":"center center","background-size":"auto","background-attachment":"scroll","background-type":"","background-media":"","overlay-type":"","overlay-color":"","overlay-opacity":"","overlay-gradient":""},"tablet":{"background-color":"","background-image":"","background-repeat":"repeat","background-position":"center center","background-size":"auto","background-attachment":"scroll","background-type":"","background-media":"","overlay-type":"","overlay-color":"","overlay-opacity":"","overlay-gradient":""},"mobile":{"background-color":"","background-image":"","background-repeat":"repeat","background-position":"center center","background-size":"auto","background-attachment":"scroll","background-type":"","background-media":"","overlay-type":"","overlay-color":"","overlay-opacity":"","overlay-gradient":""}},"ast-content-background-meta":{"desktop":{"background-color":"var(--ast-global-color-5)","background-image":"","background-repeat":"repeat","background-position":"center center","background-size":"auto","background-attachment":"scroll","background-type":"","background-media":"","overlay-type":"","overlay-color":"","overlay-opacity":"","overlay-gradient":""},"tablet":{"background-color":"var(--ast-global-color-5)","background-image":"","background-repeat":"repeat","background-position":"center center","background-size":"auto","background-attachment":"scroll","background-type":"","background-media":"","overlay-type":"","overlay-color":"","overlay-opacity":"","overlay-gradient":""},"mobile":{"background-color":"var(--ast-global-color-5)","background-image":"","background-repeat":"repeat","background-position":"center center","background-size":"auto","background-attachment":"scroll","background-type":"","background-media":"","overlay-type":"","overlay-color":"","overlay-opacity":"","overlay-gradient":""}},"jetpack_post_was_ever_published":false,"_joinchat":{"telephone":"+584126842006"}},"estado":[],"product_brand":[567],"product_cat":[60],"product_tag":[297],"class_list":{"0":"post-40467","1":"product","2":"type-product","3":"status-publish","4":"has-post-thumbnail","6":"product_brand-elite","7":"product_cat-hotel","8":"product_tag-null","9":"product_shipping_class-null","10":"pa_asesor-atr-francys-carol-sanchez-sanchez","11":"pa_oficina-atr-elite","12":"pa_ubicacion-falcon","13":"desktop-align-left","14":"tablet-align-left","15":"mobile-align-left","17":"first","18":"instock","19":"shipping-taxable","20":"purchasable","21":"product-type-simple"},"acf":[],"uagb_featured_image_src":{"full":["https:\/\/i0.wp.com\/skygroup.com.ve\/web\/wp-content\/uploads\/2024\/08\/1679_20230822_104704-rotated.jpg?fit=750%2C1000&ssl=1",750,1000,false],"thumbnail":["https:\/\/i0.wp.com\/skygroup.com.ve\/web\/wp-content\/uploads\/2024\/08\/1679_20230822_104704-rotated.jpg?resize=150%2C150&ssl=1",150,150,true],"medium":["https:\/\/i0.wp.com\/skygroup.com.ve\/web\/wp-content\/uploads\/2024\/08\/1679_20230822_104704-rotated.jpg?fit=225%2C300&ssl=1",225,300,true],"medium_large":["https:\/\/i0.wp.com\/skygroup.com.ve\/web\/wp-content\/uploads\/2024\/08\/1679_20230822_104704-rotated.jpg?fit=750%2C1000&ssl=1",750,1000,true],"large":["https:\/\/i0.wp.com\/skygroup.com.ve\/web\/wp-content\/uploads\/2024\/08\/1679_20230822_104704-rotated.jpg?fit=750%2C1000&ssl=1",750,1000,true],"1536x1536":["https:\/\/i0.wp.com\/skygroup.com.ve\/web\/wp-content\/uploads\/2024\/08\/1679_20230822_104704-rotated.jpg?fit=750%2C1000&ssl=1",750,1000,true],"2048x2048":["https:\/\/i0.wp.com\/skygroup.com.ve\/web\/wp-content\/uploads\/2024\/08\/1679_20230822_104704-rotated.jpg?fit=750%2C1000&ssl=1",750,1000,true],"woocommerce_thumbnail":["https:\/\/i0.wp.com\/skygroup.com.ve\/web\/wp-content\/uploads\/2024\/08\/1679_20230822_104704-rotated.jpg?resize=300%2C300&ssl=1",300,300,true],"woocommerce_single":["https:\/\/i0.wp.com\/skygroup.com.ve\/web\/wp-content\/uploads\/2024\/08\/1679_20230822_104704-rotated.jpg?fit=600%2C800&ssl=1",600,800,true],"woocommerce_gallery_thumbnail":["https:\/\/i0.wp.com\/skygroup.com.ve\/web\/wp-content\/uploads\/2024\/08\/1679_20230822_104704-rotated.jpg?resize=100%2C100&ssl=1",100,100,true]},"uagb_author_info":{"display_name":"adminweb","author_link":"https:\/\/skygroup.com.ve\/web\/author\/"},"uagb_comment_info":0,"uagb_excerpt":"Sky Group ELITE Vende Hotel Tucacas Edo Falcon","jetpack_sharing_enabled":true,"_links":{"self":[{"href":"https:\/\/skygroup.com.ve\/web\/wp-json\/wp\/v2\/product\/40467","targetHints":{"allow":["GET"]}}],"collection":[{"href":"https:\/\/skygroup.com.ve\/web\/wp-json\/wp\/v2\/product"}],"about":[{"href":"https:\/\/skygroup.com.ve\/web\/wp-json\/wp\/v2\/types\/product"}],"wp:featuredmedia":[{"embeddable":true,"href":"https:\/\/skygroup.com.ve\/web\/wp-json\/wp\/v2\/media\/27103"}],"wp:attachment":[{"href":"https:\/\/skygroup.com.ve\/web\/wp-json\/wp\/v2\/media?parent=40467"}],"wp:term":[{"taxonomy":"estado","embeddable":true,"href":"https:\/\/skygroup.com.ve\/web\/wp-json\/wp\/v2\/estado?post=40467"},{"taxonomy":"product_brand","embeddable":true,"href":"https:\/\/skygroup.com.ve\/web\/wp-json\/wp\/v2\/product_brand?post=40467"},{"taxonomy":"product_cat","embeddable":true,"href":"https:\/\/skygroup.com.ve\/web\/wp-json\/wp\/v2\/product_cat?post=40467"},{"taxonomy":"product_tag","embeddable":true,"href":"https:\/\/skygroup.com.ve\/web\/wp-json\/wp\/v2\/product_tag?post=40467"}],"curies":[{"name":"wp","href":"https:\/\/api.w.org\/{rel}","templated":true}]}}