{"id":45480,"date":"2024-12-17T23:05:06","date_gmt":"2024-12-18T03:05:06","guid":{"rendered":"https:\/\/skygroup.com.ve\/web\/producto\/elbl-052-local-en-venta-local-restaurant-con-terreno-ganadero-grill\/"},"modified":"2026-04-07T20:51:06","modified_gmt":"2026-04-08T00:51:06","slug":"elbl-052-local-en-venta-local-restaurant-con-terreno-ganadero-grill","status":"publish","type":"product","link":"https:\/\/skygroup.com.ve\/web\/producto\/elbl-052-local-en-venta-local-restaurant-con-terreno-ganadero-grill\/","title":{"rendered":"ELBL-052 Local en Venta LOCAL RESTAURANT CON TERRENO (GANADERO GRILL)"},"content":{"rendered":"<p>Sky Group Elegance vende Local Villa Flor. Totalmente equipado y amoblado con amplio terreno de 5000 M\u00b2, Casa colonial, Caballerizas, Parque infantil (Ganadero Grill)<\/p>\n<p>Precio promocional para este mes de Diciembre 345.000. (Antes 380.000)<\/p>\n<p>\u2022 Amplia Casa Colonial<br \/>\n\u2022 Local 14 x 25 Mt con capacidad para 200 personas (Restaurant)<br \/>\nPiso de Caico<br \/>\n2 Salas de Ba\u00f1o Damas y Caballeros<br \/>\n7 Ventanas Panor\u00e1micas (Vidrios de Seguridad)<br \/>\n2 Puertas principales y 1 de escape<br \/>\nBarra \u2013 Bar y cuarto de dep\u00f3sito<br \/>\nOficina<br \/>\n\u00c1rea de Caja<br \/>\n\u00c1rea de servicio con lavaplatos con cer\u00e1mica<br \/>\n\u00c1rea de Cocina Industrial (Equipada)<br \/>\n\u2022 6 Aires acondicionados de 5 Ton c\/u<br \/>\n\u2022 Filtro de Agua Pasteur<br \/>\n\u2022 Sistema hidroneum\u00e1tico con bomba de 2HP<br \/>\n\u2022 1 Cava cuarto 4 x 3<br \/>\n\u2022 1 Cava cuarto 2.6 x 2.6<br \/>\n\u2022 Nevera tipo vitrina<br \/>\n\u2022 Mesas y sillas para 200 personas<br \/>\n\u2022 Manteles, platos, cubiertos, accesorios<br \/>\n\u2022 Dep\u00f3sito<br \/>\n\u2022 Lavaplatos<br \/>\n\u2022 2 Parrilleras con su respectiva chimenea<br \/>\n\u2022 Plancha y gratinador<br \/>\n\u2022 Vinera<br \/>\n\u2022 Exhibidores<br \/>\n\u2022 Planta el\u00e9ctrica 75 KVA (Diesel)<br \/>\n\u2022 Sistema de seguridad, circuito cerrado<br \/>\n\u2022 Pozo de agua (6 Pulgadas)<br \/>\n\u2022 Instalaci\u00f3n el\u00e9ctrica 220 Trif\u00e1sica<br \/>\n\u2022 Caballeriza 7 puestos y 4 cuartos para dep\u00f3sito.<br \/>\n\u2022 Cuarto de vigilancia<br \/>\n\u2022 Parque infantil<br \/>\n\u2022 Tanques a\u00e9reo<br \/>\n\u2022 Tanque tipo piscina<br \/>\n\u2022 Computadora<br \/>\n\u2022 M\u00e1quina fiscal<br \/>\n\u2022 Estacionamiento para 100 carros<br \/>\n\u2022 Terreno cerrado con cerco de alfajol y pared de bloque<br \/>\n\u2022 Fondo de comercio<\/p>\n<p>Terreno amplio con local que puede servir para diferentes usos, comercial, iglesia, sal\u00f3n de reuniones, f\u00e1bricas, etc&#8230; Negociable<\/p>\n","protected":false},"excerpt":{"rendered":"<p>Sky Group ELEGANCE &#8211; BARQUISIMETO Vende Local LOCAL RESTAURANT CON TERRENO (GANADERO GRILL)<\/p>\n","protected":false},"featured_media":45314,"template":"","meta":{"_acf_changed":false,"_uag_custom_page_level_css":"","site-sidebar-layout":"default","site-content-layout":"","ast-site-content-layout":"default","site-content-style":"default","site-sidebar-style":"default","ast-global-header-display":"","ast-banner-title-visibility":"","ast-main-header-display":"","ast-hfb-above-header-display":"","ast-hfb-below-header-display":"","ast-hfb-mobile-header-display":"","site-post-title":"","ast-breadcrumbs-content":"","ast-featured-img":"","footer-sml-layout":"","ast-disable-related-posts":"","theme-transparent-header-meta":"default","adv-header-id-meta":"","stick-header-meta":"","header-above-stick-meta":"","header-main-stick-meta":"","header-below-stick-meta":"","astra-migrate-meta-layouts":"default","ast-page-background-enabled":"default","ast-page-background-meta":{"desktop":{"background-color":"var(--ast-global-color-4)","background-image":"","background-repeat":"repeat","background-position":"center center","background-size":"auto","background-attachment":"scroll","background-type":"","background-media":"","overlay-type":"","overlay-color":"","overlay-opacity":"","overlay-gradient":""},"tablet":{"background-color":"","background-image":"","background-repeat":"repeat","background-position":"center center","background-size":"auto","background-attachment":"scroll","background-type":"","background-media":"","overlay-type":"","overlay-color":"","overlay-opacity":"","overlay-gradient":""},"mobile":{"background-color":"","background-image":"","background-repeat":"repeat","background-position":"center center","background-size":"auto","background-attachment":"scroll","background-type":"","background-media":"","overlay-type":"","overlay-color":"","overlay-opacity":"","overlay-gradient":""}},"ast-content-background-meta":{"desktop":{"background-color":"var(--ast-global-color-5)","background-image":"","background-repeat":"repeat","background-position":"center center","background-size":"auto","background-attachment":"scroll","background-type":"","background-media":"","overlay-type":"","overlay-color":"","overlay-opacity":"","overlay-gradient":""},"tablet":{"background-color":"var(--ast-global-color-5)","background-image":"","background-repeat":"repeat","background-position":"center center","background-size":"auto","background-attachment":"scroll","background-type":"","background-media":"","overlay-type":"","overlay-color":"","overlay-opacity":"","overlay-gradient":""},"mobile":{"background-color":"var(--ast-global-color-5)","background-image":"","background-repeat":"repeat","background-position":"center center","background-size":"auto","background-attachment":"scroll","background-type":"","background-media":"","overlay-type":"","overlay-color":"","overlay-opacity":"","overlay-gradient":""}},"jetpack_post_was_ever_published":false,"_joinchat":{"telephone":"+584149952844"}},"estado":[],"product_brand":[564],"product_cat":[52],"product_tag":[297],"class_list":{"0":"post-45480","1":"product","2":"type-product","3":"status-publish","4":"has-post-thumbnail","6":"product_brand-elegance-barquisimeto","7":"product_cat-local","8":"product_tag-null","9":"product_shipping_class-null","10":"pa_asesor-atr-melissa-andreina-zapata-peraza","11":"pa_oficina-atr-elegance-barquisimeto","12":"pa_ubicacion-lara","13":"desktop-align-left","14":"tablet-align-left","15":"mobile-align-left","17":"first","18":"instock","19":"shipping-taxable","20":"purchasable","21":"product-type-simple"},"acf":[],"uagb_featured_image_src":{"full":["https:\/\/i0.wp.com\/skygroup.com.ve\/web\/wp-content\/uploads\/2024\/12\/7002_1.jpeg?fit=795%2C1060&ssl=1",795,1060,false],"thumbnail":["https:\/\/i0.wp.com\/skygroup.com.ve\/web\/wp-content\/uploads\/2024\/12\/7002_1.jpeg?resize=150%2C150&ssl=1",150,150,true],"medium":["https:\/\/i0.wp.com\/skygroup.com.ve\/web\/wp-content\/uploads\/2024\/12\/7002_1.jpeg?fit=225%2C300&ssl=1",225,300,true],"medium_large":["https:\/\/i0.wp.com\/skygroup.com.ve\/web\/wp-content\/uploads\/2024\/12\/7002_1.jpeg?fit=768%2C1024&ssl=1",768,1024,true],"large":["https:\/\/i0.wp.com\/skygroup.com.ve\/web\/wp-content\/uploads\/2024\/12\/7002_1.jpeg?fit=768%2C1024&ssl=1",768,1024,true],"1536x1536":["https:\/\/i0.wp.com\/skygroup.com.ve\/web\/wp-content\/uploads\/2024\/12\/7002_1.jpeg?fit=795%2C1060&ssl=1",795,1060,true],"2048x2048":["https:\/\/i0.wp.com\/skygroup.com.ve\/web\/wp-content\/uploads\/2024\/12\/7002_1.jpeg?fit=795%2C1060&ssl=1",795,1060,true],"woocommerce_thumbnail":["https:\/\/i0.wp.com\/skygroup.com.ve\/web\/wp-content\/uploads\/2024\/12\/7002_1.jpeg?resize=300%2C300&ssl=1",300,300,true],"woocommerce_single":["https:\/\/i0.wp.com\/skygroup.com.ve\/web\/wp-content\/uploads\/2024\/12\/7002_1.jpeg?fit=600%2C800&ssl=1",600,800,true],"woocommerce_gallery_thumbnail":["https:\/\/i0.wp.com\/skygroup.com.ve\/web\/wp-content\/uploads\/2024\/12\/7002_1.jpeg?resize=100%2C100&ssl=1",100,100,true]},"uagb_author_info":{"display_name":"adminweb","author_link":"https:\/\/skygroup.com.ve\/web\/author\/"},"uagb_comment_info":0,"uagb_excerpt":"Sky Group ELEGANCE - BARQUISIMETO Vende Local LOCAL RESTAURANT CON TERRENO (GANADERO GRILL)","jetpack_sharing_enabled":true,"_links":{"self":[{"href":"https:\/\/skygroup.com.ve\/web\/wp-json\/wp\/v2\/product\/45480","targetHints":{"allow":["GET"]}}],"collection":[{"href":"https:\/\/skygroup.com.ve\/web\/wp-json\/wp\/v2\/product"}],"about":[{"href":"https:\/\/skygroup.com.ve\/web\/wp-json\/wp\/v2\/types\/product"}],"wp:featuredmedia":[{"embeddable":true,"href":"https:\/\/skygroup.com.ve\/web\/wp-json\/wp\/v2\/media\/45314"}],"wp:attachment":[{"href":"https:\/\/skygroup.com.ve\/web\/wp-json\/wp\/v2\/media?parent=45480"}],"wp:term":[{"taxonomy":"estado","embeddable":true,"href":"https:\/\/skygroup.com.ve\/web\/wp-json\/wp\/v2\/estado?post=45480"},{"taxonomy":"product_brand","embeddable":true,"href":"https:\/\/skygroup.com.ve\/web\/wp-json\/wp\/v2\/product_brand?post=45480"},{"taxonomy":"product_cat","embeddable":true,"href":"https:\/\/skygroup.com.ve\/web\/wp-json\/wp\/v2\/product_cat?post=45480"},{"taxonomy":"product_tag","embeddable":true,"href":"https:\/\/skygroup.com.ve\/web\/wp-json\/wp\/v2\/product_tag?post=45480"}],"curies":[{"name":"wp","href":"https:\/\/api.w.org\/{rel}","templated":true}]}}