{"id":63724,"date":"2025-04-04T00:29:08","date_gmt":"2025-04-04T04:29:08","guid":{"rendered":"https:\/\/skygroup.com.ve\/web\/producto\/plc-1142-casa-en-venta-en-puerta-maraven\/"},"modified":"2026-04-07T20:51:47","modified_gmt":"2026-04-08T00:51:47","slug":"plc-1142-casa-en-venta-en-puerta-maraven","status":"publish","type":"product","link":"https:\/\/skygroup.com.ve\/web\/producto\/plc-1142-casa-en-venta-en-puerta-maraven\/","title":{"rendered":"PLC-1142 Casa en Venta En Puerta Maraven"},"content":{"rendered":"<p>Sky Group Platinum VENDE<br \/>\n Estas buscando grandes espacios porque tienes familia grande o deseas invertir en una posada o residencia, te ofrecemos  \u00e9sta c\u00f3moda, hermosa y amplia casa quinta de 2 niveles, ubicada en Puerta Maraven a 100 metros de la Ollarvides, con acceso r\u00e1pido y cerca de zona comercial, panader\u00edas, farmacias y colegios, muchas bondades.<br \/>\nLa casa est\u00e1 construida sobre un \u00e1rea de terreno de 450 y con una construcci\u00f3n s\u00f3lida y muy bien hecha aprovechando todo el terreno y m\u00e1s de 730 m2, este gran inmueble est\u00e1 distribuido de la siguiente manera:<br \/>\nPB:<br \/>\n\u2022\tSala \u2013<br \/>\n\u2022\tcomedor<br \/>\n\u2022\tCocina grande  empotrada<br \/>\n\u2022\t1 habitaci\u00f3n con closet, ba\u00f1o.<br \/>\n\u2022\t1 habitaci\u00f3n con closet, ba\u00f1o, sala de estar, cocina, con entrada independiente (anexo)<br \/>\n\u2022\tSala de estar.<br \/>\n\u2022\tLavandero techado<br \/>\n\u2022\t1 Ba\u00f1o en el \u00e1rea del garaje.<br \/>\n\u2022\tGaraje para 7 veh\u00edculos.<br \/>\n\u2022\t1 anexo completo con sala, cocina, ba\u00f1o y habitaci\u00f3n.<br \/>\n\u2022\t1 deposito afuera.<br \/>\nPA:<br \/>\n\u2022\t1 habitaci\u00f3n principal con closet,  sala, biblioteca , ba\u00f1o<br \/>\n\u2022\t1 habitaci\u00f3n doble con ba\u00f1o.<br \/>\nAPARTAMENTO CON ENTRADA INDEPENDIENTE:<\/p>\n<p>\u2022\tTerraza<br \/>\n\u2022\tSala.<br \/>\n\u2022\tCocina<br \/>\n\u2022\tComedor.<br \/>\n\u2022\t3 habitaciones<br \/>\n\u2022\t3 ba\u00f1os<br \/>\n\u2022\tLavander\u00eda.<\/p>\n<p>\u2022\tPisos: De Cer\u00e1mica<\/p>\n<p>\u2022\tPLUS<br \/>\n\u2022\tTotalmente construida.<br \/>\n\u2022\tAmplio garaje<br \/>\n\u2022\t9 habitaciones<br \/>\n\u2022\t10 ba\u00f1os<br \/>\n\u2022\t2 salas<br \/>\n\u2022\t4 cocinas<br \/>\n\u2022\t\u00c1rea de parrillera<br \/>\n\u2022\t7.500 litros de almacenamiento de agua<br \/>\n\u2022\tEl servicio de agua es casi permanente.<\/p>\n<p>CONT\u00c1CTANOS HOY Y AGENDA TU VISITA!<\/p>\n","protected":false},"excerpt":{"rendered":"<p>Sky Group PLATINUM Vende Casa En Puerta Maraven<\/p>\n","protected":false},"featured_media":62964,"template":"","meta":{"_acf_changed":false,"_uag_custom_page_level_css":"","site-sidebar-layout":"default","site-content-layout":"","ast-site-content-layout":"default","site-content-style":"default","site-sidebar-style":"default","ast-global-header-display":"","ast-banner-title-visibility":"","ast-main-header-display":"","ast-hfb-above-header-display":"","ast-hfb-below-header-display":"","ast-hfb-mobile-header-display":"","site-post-title":"","ast-breadcrumbs-content":"","ast-featured-img":"","footer-sml-layout":"","ast-disable-related-posts":"","theme-transparent-header-meta":"default","adv-header-id-meta":"","stick-header-meta":"","header-above-stick-meta":"","header-main-stick-meta":"","header-below-stick-meta":"","astra-migrate-meta-layouts":"default","ast-page-background-enabled":"default","ast-page-background-meta":{"desktop":{"background-color":"var(--ast-global-color-4)","background-image":"","background-repeat":"repeat","background-position":"center center","background-size":"auto","background-attachment":"scroll","background-type":"","background-media":"","overlay-type":"","overlay-color":"","overlay-opacity":"","overlay-gradient":""},"tablet":{"background-color":"","background-image":"","background-repeat":"repeat","background-position":"center center","background-size":"auto","background-attachment":"scroll","background-type":"","background-media":"","overlay-type":"","overlay-color":"","overlay-opacity":"","overlay-gradient":""},"mobile":{"background-color":"","background-image":"","background-repeat":"repeat","background-position":"center center","background-size":"auto","background-attachment":"scroll","background-type":"","background-media":"","overlay-type":"","overlay-color":"","overlay-opacity":"","overlay-gradient":""}},"ast-content-background-meta":{"desktop":{"background-color":"var(--ast-global-color-5)","background-image":"","background-repeat":"repeat","background-position":"center center","background-size":"auto","background-attachment":"scroll","background-type":"","background-media":"","overlay-type":"","overlay-color":"","overlay-opacity":"","overlay-gradient":""},"tablet":{"background-color":"var(--ast-global-color-5)","background-image":"","background-repeat":"repeat","background-position":"center center","background-size":"auto","background-attachment":"scroll","background-type":"","background-media":"","overlay-type":"","overlay-color":"","overlay-opacity":"","overlay-gradient":""},"mobile":{"background-color":"var(--ast-global-color-5)","background-image":"","background-repeat":"repeat","background-position":"center center","background-size":"auto","background-attachment":"scroll","background-type":"","background-media":"","overlay-type":"","overlay-color":"","overlay-opacity":"","overlay-gradient":""}},"jetpack_post_was_ever_published":false,"_joinchat":{"telephone":"+584121007616"}},"estado":[],"product_brand":[557],"product_cat":[47],"product_tag":[297],"class_list":{"0":"post-63724","1":"product","2":"type-product","3":"status-publish","4":"has-post-thumbnail","6":"product_brand-platinum","7":"product_cat-casa","8":"product_tag-null","9":"product_shipping_class-null","10":"pa_asesor-atr-fabiola-josefina-ventura-revilla","11":"pa_oficina-atr-platinum","12":"pa_ubicacion-falcon","13":"desktop-align-left","14":"tablet-align-left","15":"mobile-align-left","17":"first","18":"instock","19":"shipping-taxable","20":"purchasable","21":"product-type-simple"},"acf":[],"uagb_featured_image_src":{"full":["https:\/\/i0.wp.com\/skygroup.com.ve\/web\/wp-content\/uploads\/2025\/04\/6559_2.jpeg?fit=1041%2C779&ssl=1",1041,779,false],"thumbnail":["https:\/\/i0.wp.com\/skygroup.com.ve\/web\/wp-content\/uploads\/2025\/04\/6559_2.jpeg?resize=150%2C150&ssl=1",150,150,true],"medium":["https:\/\/i0.wp.com\/skygroup.com.ve\/web\/wp-content\/uploads\/2025\/04\/6559_2.jpeg?fit=300%2C224&ssl=1",300,224,true],"medium_large":["https:\/\/i0.wp.com\/skygroup.com.ve\/web\/wp-content\/uploads\/2025\/04\/6559_2.jpeg?fit=768%2C575&ssl=1",768,575,true],"large":["https:\/\/i0.wp.com\/skygroup.com.ve\/web\/wp-content\/uploads\/2025\/04\/6559_2.jpeg?fit=1024%2C766&ssl=1",1024,766,true],"1536x1536":["https:\/\/i0.wp.com\/skygroup.com.ve\/web\/wp-content\/uploads\/2025\/04\/6559_2.jpeg?fit=1041%2C779&ssl=1",1041,779,true],"2048x2048":["https:\/\/i0.wp.com\/skygroup.com.ve\/web\/wp-content\/uploads\/2025\/04\/6559_2.jpeg?fit=1041%2C779&ssl=1",1041,779,true],"woocommerce_thumbnail":["https:\/\/i0.wp.com\/skygroup.com.ve\/web\/wp-content\/uploads\/2025\/04\/6559_2.jpeg?resize=300%2C300&ssl=1",300,300,true],"woocommerce_single":["https:\/\/i0.wp.com\/skygroup.com.ve\/web\/wp-content\/uploads\/2025\/04\/6559_2.jpeg?fit=600%2C449&ssl=1",600,449,true],"woocommerce_gallery_thumbnail":["https:\/\/i0.wp.com\/skygroup.com.ve\/web\/wp-content\/uploads\/2025\/04\/6559_2.jpeg?resize=100%2C100&ssl=1",100,100,true]},"uagb_author_info":{"display_name":"adminweb","author_link":"https:\/\/skygroup.com.ve\/web\/author\/"},"uagb_comment_info":0,"uagb_excerpt":"Sky Group PLATINUM Vende Casa En Puerta Maraven","jetpack_sharing_enabled":true,"_links":{"self":[{"href":"https:\/\/skygroup.com.ve\/web\/wp-json\/wp\/v2\/product\/63724","targetHints":{"allow":["GET"]}}],"collection":[{"href":"https:\/\/skygroup.com.ve\/web\/wp-json\/wp\/v2\/product"}],"about":[{"href":"https:\/\/skygroup.com.ve\/web\/wp-json\/wp\/v2\/types\/product"}],"wp:featuredmedia":[{"embeddable":true,"href":"https:\/\/skygroup.com.ve\/web\/wp-json\/wp\/v2\/media\/62964"}],"wp:attachment":[{"href":"https:\/\/skygroup.com.ve\/web\/wp-json\/wp\/v2\/media?parent=63724"}],"wp:term":[{"taxonomy":"estado","embeddable":true,"href":"https:\/\/skygroup.com.ve\/web\/wp-json\/wp\/v2\/estado?post=63724"},{"taxonomy":"product_brand","embeddable":true,"href":"https:\/\/skygroup.com.ve\/web\/wp-json\/wp\/v2\/product_brand?post=63724"},{"taxonomy":"product_cat","embeddable":true,"href":"https:\/\/skygroup.com.ve\/web\/wp-json\/wp\/v2\/product_cat?post=63724"},{"taxonomy":"product_tag","embeddable":true,"href":"https:\/\/skygroup.com.ve\/web\/wp-json\/wp\/v2\/product_tag?post=63724"}],"curies":[{"name":"wp","href":"https:\/\/api.w.org\/{rel}","templated":true}]}}