{"id":77900,"date":"2025-07-02T22:18:52","date_gmt":"2025-07-03T02:18:52","guid":{"rendered":"https:\/\/skygroup.com.ve\/web\/producto\/etc-055-casa-en-venta-urbanizacion-ciudad-alianza-etapa-iv-sector-6-a-manzana-43-guacara-edo-carabobo\/"},"modified":"2026-04-07T20:52:39","modified_gmt":"2026-04-08T00:52:39","slug":"etc-055-casa-en-venta-urbanizacion-ciudad-alianza-etapa-iv-sector-6-a-manzana-43-guacara-edo-carabobo","status":"publish","type":"product","link":"https:\/\/skygroup.com.ve\/web\/producto\/etc-055-casa-en-venta-urbanizacion-ciudad-alianza-etapa-iv-sector-6-a-manzana-43-guacara-edo-carabobo\/","title":{"rendered":"ETC-055 Casa en Venta Urbanizacion Ciudad Alianza, Etapa Iv, Sector 6-a, Manzana 43, Guacara, Edo. Carabobo"},"content":{"rendered":"<p>*En Venta Casa en la 4ta Etapa A de Ciudad Alianza, Municipio Guacara, Estado Carabobo, Venezuela* <\/p>\n<p>\u269c\ufe0f 320mts\u00b2 Totales. <\/p>\n<p>\u269c\ufe0f  Urbanizaci\u00f3n Cerrada con Port\u00f3n El\u00e9ctrico. Utiliza Control y Llamada. <\/p>\n<p>\u269c\ufe0f Parque Infantil <\/p>\n<p>\u269c\ufe0f 1 Cancha de B\u00e1squet y 1 de F\u00fatbol.<\/p>\n<p>\u269c\ufe0f 4 Habitaciones. Todas con Closets de Madera.<\/p>\n<p>\u269c\ufe0f 2 Ba\u00f1os, con Cer\u00e1mica hasta el Techo.<\/p>\n<p>\u269c\ufe0f 1 Sala &#8211; Comedor<\/p>\n<p>\u269c\ufe0f 1 Sala de Estar<\/p>\n<p>\u269c\ufe0f 1 Biblioteca con Estar<\/p>\n<p>\u269c\ufe0f Amplia Cocina con Mesones de Granito, Gabinetes de Madera y Mesa de Desayuno Desplegable. Cocina El\u00e9ctrica 4 Hornillas.<\/p>\n<p>\u269c\ufe0f Toda La casa Con Pisos de Cer\u00e1mica.<\/p>\n<p>\u269c\ufe0f Patio con Piso de Caico y Cocina de Gas.<\/p>\n<p>\u269c\ufe0f Lavandero<\/p>\n<p>\u269c\ufe0f 1 Anexo o local peque\u00f1o (Con 2 Mesones, antes era un Internet).<\/p>\n<p>\u269c\ufe0f 3 Puestos de Estacionamiento Cerrados con Port\u00f3n y 1 Puesto de Estacionamiento Techado. Tambi\u00e9n Cerrado con Port\u00f3n.<\/p>\n<p>\u269c\ufe0f Porche Amplio, Fresco y Acogedor. Con Pisos de Cer\u00e1mica.<\/p>\n<p>\u269c\ufe0f 2 Tanques de Agua 900lts c\/u. 1800lts entre los 2.<\/p>\n<p>\u269c\ufe0f 1 Tanque de Agua A\u00e9reo 2500lts.<\/p>\n<p>\u269c\ufe0f Techo con Platabanda para realizar la construcci\u00f3n de una segunda planta.<\/p>\n<p>*No se Paga Condominio*<\/p>\n<p>*Estatus legal:*<\/p>\n<p>\u00b0 \u00danico Due\u00f1o lista para Firmar.<\/p>\n<p>\u00b0 Pendiente por Actualizar Ficha Catastral. <\/p>\n<p>*Cerca:*<\/p>\n<p>C.C Traki<br \/>\nSupermercado Kosmos<br \/>\nSupermercado La Granja<br \/>\nSupermercado Catania<br \/>\nDaka<br \/>\nC.C. Alianza Mall<br \/>\nC.D.I<br \/>\nAmbulatorio<br \/>\n3 Farmacias<br \/>\n7 Colegios Cercanos Prescolar, Primaria y Bachillerato.<br \/>\nLugares de Comida R\u00e1pida Nocturnos.<br \/>\nEtc&#8230;.<br \/>\nEl Para\u00edso que buscas Para Vivir.<\/p>\n<p>*Inversi\u00f3n: 33.500$*<\/p>\n<p>Asesor  Olymar Martinez<br \/>\n0412-1598160<\/p>\n","protected":false},"excerpt":{"rendered":"<p>Sky Group ELITE Vende Casa Urbanizacion Ciudad Alianza, Etapa Iv, Sector 6-a, Manzana 43, Guacara, Edo. Carabobo<\/p>\n","protected":false},"featured_media":77700,"template":"","meta":{"_acf_changed":false,"_uag_custom_page_level_css":"","site-sidebar-layout":"default","site-content-layout":"","ast-site-content-layout":"default","site-content-style":"default","site-sidebar-style":"default","ast-global-header-display":"","ast-banner-title-visibility":"","ast-main-header-display":"","ast-hfb-above-header-display":"","ast-hfb-below-header-display":"","ast-hfb-mobile-header-display":"","site-post-title":"","ast-breadcrumbs-content":"","ast-featured-img":"","footer-sml-layout":"","ast-disable-related-posts":"","theme-transparent-header-meta":"default","adv-header-id-meta":"","stick-header-meta":"","header-above-stick-meta":"","header-main-stick-meta":"","header-below-stick-meta":"","astra-migrate-meta-layouts":"default","ast-page-background-enabled":"default","ast-page-background-meta":{"desktop":{"background-color":"var(--ast-global-color-4)","background-image":"","background-repeat":"repeat","background-position":"center center","background-size":"auto","background-attachment":"scroll","background-type":"","background-media":"","overlay-type":"","overlay-color":"","overlay-opacity":"","overlay-gradient":""},"tablet":{"background-color":"","background-image":"","background-repeat":"repeat","background-position":"center center","background-size":"auto","background-attachment":"scroll","background-type":"","background-media":"","overlay-type":"","overlay-color":"","overlay-opacity":"","overlay-gradient":""},"mobile":{"background-color":"","background-image":"","background-repeat":"repeat","background-position":"center center","background-size":"auto","background-attachment":"scroll","background-type":"","background-media":"","overlay-type":"","overlay-color":"","overlay-opacity":"","overlay-gradient":""}},"ast-content-background-meta":{"desktop":{"background-color":"var(--ast-global-color-5)","background-image":"","background-repeat":"repeat","background-position":"center center","background-size":"auto","background-attachment":"scroll","background-type":"","background-media":"","overlay-type":"","overlay-color":"","overlay-opacity":"","overlay-gradient":""},"tablet":{"background-color":"var(--ast-global-color-5)","background-image":"","background-repeat":"repeat","background-position":"center center","background-size":"auto","background-attachment":"scroll","background-type":"","background-media":"","overlay-type":"","overlay-color":"","overlay-opacity":"","overlay-gradient":""},"mobile":{"background-color":"var(--ast-global-color-5)","background-image":"","background-repeat":"repeat","background-position":"center center","background-size":"auto","background-attachment":"scroll","background-type":"","background-media":"","overlay-type":"","overlay-color":"","overlay-opacity":"","overlay-gradient":""}},"jetpack_post_was_ever_published":false,"_joinchat":{"telephone":"+584121598160"}},"estado":[],"product_brand":[567],"product_cat":[47],"product_tag":[297],"class_list":{"0":"post-77900","1":"product","2":"type-product","3":"status-publish","4":"has-post-thumbnail","6":"product_brand-elite","7":"product_cat-casa","8":"product_tag-null","9":"product_shipping_class-null","10":"pa_asesor-atr-olymar-coromoto-martinez-anzola","11":"pa_oficina-atr-elite","12":"pa_ubicacion-carabobo","13":"desktop-align-left","14":"tablet-align-left","15":"mobile-align-left","17":"first","18":"instock","19":"shipping-taxable","20":"purchasable","21":"product-type-simple"},"acf":[],"uagb_featured_image_src":{"full":["https:\/\/i0.wp.com\/skygroup.com.ve\/web\/wp-content\/uploads\/2025\/07\/8566_4.jpeg?fit=750%2C1000&ssl=1",750,1000,false],"thumbnail":["https:\/\/i0.wp.com\/skygroup.com.ve\/web\/wp-content\/uploads\/2025\/07\/8566_4.jpeg?resize=150%2C150&ssl=1",150,150,true],"medium":["https:\/\/i0.wp.com\/skygroup.com.ve\/web\/wp-content\/uploads\/2025\/07\/8566_4.jpeg?fit=225%2C300&ssl=1",225,300,true],"medium_large":["https:\/\/i0.wp.com\/skygroup.com.ve\/web\/wp-content\/uploads\/2025\/07\/8566_4.jpeg?fit=750%2C1000&ssl=1",750,1000,true],"large":["https:\/\/i0.wp.com\/skygroup.com.ve\/web\/wp-content\/uploads\/2025\/07\/8566_4.jpeg?fit=750%2C1000&ssl=1",750,1000,true],"1536x1536":["https:\/\/i0.wp.com\/skygroup.com.ve\/web\/wp-content\/uploads\/2025\/07\/8566_4.jpeg?fit=750%2C1000&ssl=1",750,1000,true],"2048x2048":["https:\/\/i0.wp.com\/skygroup.com.ve\/web\/wp-content\/uploads\/2025\/07\/8566_4.jpeg?fit=750%2C1000&ssl=1",750,1000,true],"woocommerce_thumbnail":["https:\/\/i0.wp.com\/skygroup.com.ve\/web\/wp-content\/uploads\/2025\/07\/8566_4.jpeg?resize=300%2C300&ssl=1",300,300,true],"woocommerce_single":["https:\/\/i0.wp.com\/skygroup.com.ve\/web\/wp-content\/uploads\/2025\/07\/8566_4.jpeg?fit=600%2C800&ssl=1",600,800,true],"woocommerce_gallery_thumbnail":["https:\/\/i0.wp.com\/skygroup.com.ve\/web\/wp-content\/uploads\/2025\/07\/8566_4.jpeg?resize=100%2C100&ssl=1",100,100,true]},"uagb_author_info":{"display_name":"adminweb","author_link":"https:\/\/skygroup.com.ve\/web\/author\/"},"uagb_comment_info":0,"uagb_excerpt":"Sky Group ELITE Vende Casa Urbanizacion Ciudad Alianza, Etapa Iv, Sector 6-a, Manzana 43, Guacara, Edo. Carabobo","jetpack_sharing_enabled":true,"_links":{"self":[{"href":"https:\/\/skygroup.com.ve\/web\/wp-json\/wp\/v2\/product\/77900","targetHints":{"allow":["GET"]}}],"collection":[{"href":"https:\/\/skygroup.com.ve\/web\/wp-json\/wp\/v2\/product"}],"about":[{"href":"https:\/\/skygroup.com.ve\/web\/wp-json\/wp\/v2\/types\/product"}],"wp:featuredmedia":[{"embeddable":true,"href":"https:\/\/skygroup.com.ve\/web\/wp-json\/wp\/v2\/media\/77700"}],"wp:attachment":[{"href":"https:\/\/skygroup.com.ve\/web\/wp-json\/wp\/v2\/media?parent=77900"}],"wp:term":[{"taxonomy":"estado","embeddable":true,"href":"https:\/\/skygroup.com.ve\/web\/wp-json\/wp\/v2\/estado?post=77900"},{"taxonomy":"product_brand","embeddable":true,"href":"https:\/\/skygroup.com.ve\/web\/wp-json\/wp\/v2\/product_brand?post=77900"},{"taxonomy":"product_cat","embeddable":true,"href":"https:\/\/skygroup.com.ve\/web\/wp-json\/wp\/v2\/product_cat?post=77900"},{"taxonomy":"product_tag","embeddable":true,"href":"https:\/\/skygroup.com.ve\/web\/wp-json\/wp\/v2\/product_tag?post=77900"}],"curies":[{"name":"wp","href":"https:\/\/api.w.org\/{rel}","templated":true}]}}