{"id":83918,"date":"2025-08-01T20:47:41","date_gmt":"2025-08-02T00:47:41","guid":{"rendered":"https:\/\/skygroup.com.ve\/web\/producto\/ett-037-terreno-en-venta-parcelamiento-la-miguelera-sector-el-polvero-municipio-san-diego\/"},"modified":"2026-04-07T20:54:43","modified_gmt":"2026-04-08T00:54:43","slug":"ett-037-terreno-en-venta-parcelamiento-la-miguelera-sector-el-polvero-municipio-san-diego","status":"publish","type":"product","link":"https:\/\/skygroup.com.ve\/web\/producto\/ett-037-terreno-en-venta-parcelamiento-la-miguelera-sector-el-polvero-municipio-san-diego\/","title":{"rendered":"ETT-037 Terreno en Venta Parcelamiento La Miguelera Sector El Polvero Municipio San Diego"},"content":{"rendered":"<p>Sky Group Elite vende terreno ubicado en parcelamiento la miguelera sector el polvero pueblo de san diego.<\/p>\n<p>En la colectora 28 es la avenida que conlleva a la universidad Arturo Michelena, \u00fanica avenida con proyecto de ampliaci\u00f3n al 60% en la alcald\u00eda de San Diego, en esta avenida se encuentran condominios como Isla de Aves. agua de canto, y a 100mts del Colegio CORINTO <\/p>\n<p>Este terreno cuenta con una extensi\u00f3n en de 644 mts en documento de propiedad debidamente registrado y con mensura en la alcald\u00eda de San Diego ficha catastral y documento de propiedad desde sus or\u00edgenes. <\/p>\n<p>La propiedad cuenta con: <\/p>\n<p>\u2022POZO DE 60 Mts de 5.5 litros\/ segundo con acceso protegido dentro del cuarto de dep\u00f3sito. <\/p>\n<p>\u2022TANQUE de 15.000 lts <\/p>\n<p>\u2022Cerco Electrico y concertina de seguridad.<\/p>\n<p>\u2022CUARTO \/ DEPOSITO con dise\u00f1o arquitect\u00f3nico de 13mts2<\/p>\n<p>\u2022BA\u00d1O DE LUJO completo con ducha y piezas sanitarias de primera, punto de 220v para calentador. <\/p>\n<p>\u2022CUARTO DE ASEO para 6 pipotes con acceso independiente de la calle, luz y agua . <\/p>\n<p>\u2022CUARTO INTELIGENTE con punto de Tuberia de gas tipo Pealpe , tanquilla principal de electricidad, sub tablero para control de c\u00e1maras de seguridad y punto para instalaci\u00f3n de planta el\u00e9ctrica. <\/p>\n<p>\u2022BANCADAS de Tuberia para instalaciones de circuito cerrado todo ya integrado con sus cajetines en la Pared perimetral.<\/p>\n<p>\u2022ILUMINACI\u00d3N ARQUITECT\u00d3NICA en toda la parcela interna y externa .<\/p>\n<p>* la parcela fue preparada para construir, se relleno con 1200 mts3 de granzon de primera elev\u00e1ndola 0.30 cm por encima del nivel de la calle.<\/p>\n<p>\u2022La parcela cuenta con sistema de tranquilas de drenajes de aguas negras, puntos de agua en todo las paredes del per\u00edmetro, drenajes de lluvia y tanquillas de electricidad para futuros proyectos. <\/p>\n<p>\u2022EL SERVICIO de electricidad es propio, poste + transformador todo con documentos de propiedad , la instalaci\u00f3n se realiz\u00f3  con proyecto el\u00e9ctrico calculado para consumo de 150 ampers. <\/p>\n<p>\u2022EL SERVICIO  de aguas negras se conect\u00f3  al colector m\u00e1s reciente y nuevo ejecutado hace 6 a\u00f1os por la alcald\u00eda al que al mismo tiempo tenemos acceso directo con una tranquila principal dentro de la Parcela. <\/p>\n<p>* Vegetaci\u00f3n ex\u00f3tica incluida un araguaney adulto. <\/p>\n<p>* medici\u00f3n en \u00e1rea neta M\u00e1s de 740 Mts2 .<\/p>\n<p>\u2022ACABADOS de primera en formatos taco y porcelanato madera .<\/p>\n","protected":false},"excerpt":{"rendered":"<p>Sky Group ELITE Vende Terreno Parcelamiento La Miguelera Sector El Polvero Municipio San Diego<\/p>\n","protected":false},"featured_media":83839,"template":"","meta":{"_acf_changed":false,"_uag_custom_page_level_css":"","site-sidebar-layout":"default","site-content-layout":"","ast-site-content-layout":"default","site-content-style":"default","site-sidebar-style":"default","ast-global-header-display":"","ast-banner-title-visibility":"","ast-main-header-display":"","ast-hfb-above-header-display":"","ast-hfb-below-header-display":"","ast-hfb-mobile-header-display":"","site-post-title":"","ast-breadcrumbs-content":"","ast-featured-img":"","footer-sml-layout":"","ast-disable-related-posts":"","theme-transparent-header-meta":"default","adv-header-id-meta":"","stick-header-meta":"","header-above-stick-meta":"","header-main-stick-meta":"","header-below-stick-meta":"","astra-migrate-meta-layouts":"default","ast-page-background-enabled":"default","ast-page-background-meta":{"desktop":{"background-color":"var(--ast-global-color-4)","background-image":"","background-repeat":"repeat","background-position":"center center","background-size":"auto","background-attachment":"scroll","background-type":"","background-media":"","overlay-type":"","overlay-color":"","overlay-opacity":"","overlay-gradient":""},"tablet":{"background-color":"","background-image":"","background-repeat":"repeat","background-position":"center center","background-size":"auto","background-attachment":"scroll","background-type":"","background-media":"","overlay-type":"","overlay-color":"","overlay-opacity":"","overlay-gradient":""},"mobile":{"background-color":"","background-image":"","background-repeat":"repeat","background-position":"center center","background-size":"auto","background-attachment":"scroll","background-type":"","background-media":"","overlay-type":"","overlay-color":"","overlay-opacity":"","overlay-gradient":""}},"ast-content-background-meta":{"desktop":{"background-color":"var(--ast-global-color-5)","background-image":"","background-repeat":"repeat","background-position":"center center","background-size":"auto","background-attachment":"scroll","background-type":"","background-media":"","overlay-type":"","overlay-color":"","overlay-opacity":"","overlay-gradient":""},"tablet":{"background-color":"var(--ast-global-color-5)","background-image":"","background-repeat":"repeat","background-position":"center center","background-size":"auto","background-attachment":"scroll","background-type":"","background-media":"","overlay-type":"","overlay-color":"","overlay-opacity":"","overlay-gradient":""},"mobile":{"background-color":"var(--ast-global-color-5)","background-image":"","background-repeat":"repeat","background-position":"center center","background-size":"auto","background-attachment":"scroll","background-type":"","background-media":"","overlay-type":"","overlay-color":"","overlay-opacity":"","overlay-gradient":""}},"jetpack_post_was_ever_published":false,"_joinchat":{"telephone":"+584126842006"}},"estado":[],"product_brand":[567],"product_cat":[53],"product_tag":[297],"class_list":{"0":"post-83918","1":"product","2":"type-product","3":"status-publish","4":"has-post-thumbnail","6":"product_brand-elite","7":"product_cat-terreno","8":"product_tag-null","9":"product_shipping_class-null","10":"pa_asesor-atr-francys-carol-sanchez-sanchez","11":"pa_oficina-atr-elite","12":"pa_ubicacion-carabobo","13":"desktop-align-left","14":"tablet-align-left","15":"mobile-align-left","17":"first","18":"instock","19":"shipping-taxable","20":"purchasable","21":"product-type-simple"},"acf":[],"uagb_featured_image_src":{"full":["https:\/\/i0.wp.com\/skygroup.com.ve\/web\/wp-content\/uploads\/2025\/08\/8990_14.jpeg?fit=810%2C1013&ssl=1",810,1013,false],"thumbnail":["https:\/\/i0.wp.com\/skygroup.com.ve\/web\/wp-content\/uploads\/2025\/08\/8990_14.jpeg?resize=150%2C150&ssl=1",150,150,true],"medium":["https:\/\/i0.wp.com\/skygroup.com.ve\/web\/wp-content\/uploads\/2025\/08\/8990_14.jpeg?fit=240%2C300&ssl=1",240,300,true],"medium_large":["https:\/\/i0.wp.com\/skygroup.com.ve\/web\/wp-content\/uploads\/2025\/08\/8990_14.jpeg?fit=768%2C960&ssl=1",768,960,true],"large":["https:\/\/i0.wp.com\/skygroup.com.ve\/web\/wp-content\/uploads\/2025\/08\/8990_14.jpeg?fit=810%2C1013&ssl=1",810,1013,true],"1536x1536":["https:\/\/i0.wp.com\/skygroup.com.ve\/web\/wp-content\/uploads\/2025\/08\/8990_14.jpeg?fit=810%2C1013&ssl=1",810,1013,true],"2048x2048":["https:\/\/i0.wp.com\/skygroup.com.ve\/web\/wp-content\/uploads\/2025\/08\/8990_14.jpeg?fit=810%2C1013&ssl=1",810,1013,true],"woocommerce_thumbnail":["https:\/\/i0.wp.com\/skygroup.com.ve\/web\/wp-content\/uploads\/2025\/08\/8990_14.jpeg?resize=300%2C300&ssl=1",300,300,true],"woocommerce_single":["https:\/\/i0.wp.com\/skygroup.com.ve\/web\/wp-content\/uploads\/2025\/08\/8990_14.jpeg?fit=600%2C750&ssl=1",600,750,true],"woocommerce_gallery_thumbnail":["https:\/\/i0.wp.com\/skygroup.com.ve\/web\/wp-content\/uploads\/2025\/08\/8990_14.jpeg?resize=100%2C100&ssl=1",100,100,true]},"uagb_author_info":{"display_name":"adminweb","author_link":"https:\/\/skygroup.com.ve\/web\/author\/"},"uagb_comment_info":0,"uagb_excerpt":"Sky Group ELITE Vende Terreno Parcelamiento La Miguelera Sector El Polvero Municipio San Diego","jetpack_sharing_enabled":true,"_links":{"self":[{"href":"https:\/\/skygroup.com.ve\/web\/wp-json\/wp\/v2\/product\/83918","targetHints":{"allow":["GET"]}}],"collection":[{"href":"https:\/\/skygroup.com.ve\/web\/wp-json\/wp\/v2\/product"}],"about":[{"href":"https:\/\/skygroup.com.ve\/web\/wp-json\/wp\/v2\/types\/product"}],"wp:featuredmedia":[{"embeddable":true,"href":"https:\/\/skygroup.com.ve\/web\/wp-json\/wp\/v2\/media\/83839"}],"wp:attachment":[{"href":"https:\/\/skygroup.com.ve\/web\/wp-json\/wp\/v2\/media?parent=83918"}],"wp:term":[{"taxonomy":"estado","embeddable":true,"href":"https:\/\/skygroup.com.ve\/web\/wp-json\/wp\/v2\/estado?post=83918"},{"taxonomy":"product_brand","embeddable":true,"href":"https:\/\/skygroup.com.ve\/web\/wp-json\/wp\/v2\/product_brand?post=83918"},{"taxonomy":"product_cat","embeddable":true,"href":"https:\/\/skygroup.com.ve\/web\/wp-json\/wp\/v2\/product_cat?post=83918"},{"taxonomy":"product_tag","embeddable":true,"href":"https:\/\/skygroup.com.ve\/web\/wp-json\/wp\/v2\/product_tag?post=83918"}],"curies":[{"name":"wp","href":"https:\/\/api.w.org\/{rel}","templated":true}]}}