{"id":85475,"date":"2025-08-18T21:10:59","date_gmt":"2025-08-19T01:10:59","guid":{"rendered":"https:\/\/skygroup.com.ve\/web\/producto\/atfc-9-fondo-de-comercio-en-venta-fondo-de-comercio-en-maracay\/"},"modified":"2026-04-07T20:54:46","modified_gmt":"2026-04-08T00:54:46","slug":"atfc-9-fondo-de-comercio-en-venta-fondo-de-comercio-en-maracay","status":"publish","type":"product","link":"https:\/\/skygroup.com.ve\/web\/producto\/atfc-9-fondo-de-comercio-en-venta-fondo-de-comercio-en-maracay\/","title":{"rendered":"ATFC-9 Fondo de Comercio en Venta Fondo De Comercio En Maracay"},"content":{"rendered":"<p>Sky Group Atenea Vende fondo comercio ubicado en el Sector Base Aragua, Maracay <\/p>\n<p>Excelente oportunidad de inversiones el modelo de negocio que esta marcando la pauta en la econom\u00eda actual.<\/p>\n<p>&#8211; Bodeg\u00f3n de Licores Importados y Nacionales,  bebidas al mayor y detal.<br \/>\n&#8211; Delicateses, v\u00edveres importados y nacionales.<br \/>\n&#8211; \u00c1rea y servicio de Restaurant.<br \/>\n&#8211; \u00c1rea de cocina y de productos elaborados.<br \/>\n&#8211; \u00c1rea de trabajo para cortes de carnes  de res, cerdo y aves.<br \/>\n&#8211; \u00c1rea de Charcuter\u00eda y carnes preparadas en diversas presentaciones con reparto<br \/>\n-Equipado con una amplia variedad de equipos de refrigeraci\u00f3n y congelaci\u00f3n para exhibici\u00f3n de productos en general, l\u00e1cteos, bebidas y congelados.<br \/>\n&#8211; Sistemas de seguridad, cajas registradoras, puntos de ventas.<br \/>\n&#8211; \u00c1rea de oficina.<br \/>\n&#8211;  Tiene todas las patentes y permisos al d\u00eda y c\u00f3digos abiertos con los principales importadores de licores del pais.<br \/>\n&#8211; Cuenta con un Local en Alquiler de 380 m\u00b2<\/p>\n<p>C\u00f3digo: ATFC-9<\/p>\n<p>REF.: 135.000 <\/p>\n<p>*SE ACEPTA FINANCIAMIENTO*<\/p>\n<p>Eduardo Arcila<br \/>\nL.P. Sky Group Atenea<br \/>\n+58 414 4092379<br \/>\nearcila@skygroup.com.ve<\/p>\n","protected":false},"excerpt":{"rendered":"<p>Sky Group ATENEA Vende Fondo de Comercio Fondo De Comercio En Maracay <\/p>\n","protected":false},"featured_media":85214,"template":"","meta":{"_acf_changed":false,"_uag_custom_page_level_css":"","site-sidebar-layout":"default","site-content-layout":"","ast-site-content-layout":"default","site-content-style":"default","site-sidebar-style":"default","ast-global-header-display":"","ast-banner-title-visibility":"","ast-main-header-display":"","ast-hfb-above-header-display":"","ast-hfb-below-header-display":"","ast-hfb-mobile-header-display":"","site-post-title":"","ast-breadcrumbs-content":"","ast-featured-img":"","footer-sml-layout":"","ast-disable-related-posts":"","theme-transparent-header-meta":"default","adv-header-id-meta":"","stick-header-meta":"","header-above-stick-meta":"","header-main-stick-meta":"","header-below-stick-meta":"","astra-migrate-meta-layouts":"default","ast-page-background-enabled":"default","ast-page-background-meta":{"desktop":{"background-color":"var(--ast-global-color-4)","background-image":"","background-repeat":"repeat","background-position":"center center","background-size":"auto","background-attachment":"scroll","background-type":"","background-media":"","overlay-type":"","overlay-color":"","overlay-opacity":"","overlay-gradient":""},"tablet":{"background-color":"","background-image":"","background-repeat":"repeat","background-position":"center center","background-size":"auto","background-attachment":"scroll","background-type":"","background-media":"","overlay-type":"","overlay-color":"","overlay-opacity":"","overlay-gradient":""},"mobile":{"background-color":"","background-image":"","background-repeat":"repeat","background-position":"center center","background-size":"auto","background-attachment":"scroll","background-type":"","background-media":"","overlay-type":"","overlay-color":"","overlay-opacity":"","overlay-gradient":""}},"ast-content-background-meta":{"desktop":{"background-color":"var(--ast-global-color-5)","background-image":"","background-repeat":"repeat","background-position":"center center","background-size":"auto","background-attachment":"scroll","background-type":"","background-media":"","overlay-type":"","overlay-color":"","overlay-opacity":"","overlay-gradient":""},"tablet":{"background-color":"var(--ast-global-color-5)","background-image":"","background-repeat":"repeat","background-position":"center center","background-size":"auto","background-attachment":"scroll","background-type":"","background-media":"","overlay-type":"","overlay-color":"","overlay-opacity":"","overlay-gradient":""},"mobile":{"background-color":"var(--ast-global-color-5)","background-image":"","background-repeat":"repeat","background-position":"center center","background-size":"auto","background-attachment":"scroll","background-type":"","background-media":"","overlay-type":"","overlay-color":"","overlay-opacity":"","overlay-gradient":""}},"jetpack_post_was_ever_published":false,"_joinchat":{"telephone":"+584144092379"}},"estado":[],"product_brand":[558],"product_cat":[50],"product_tag":[297],"class_list":{"0":"post-85475","1":"product","2":"type-product","3":"status-publish","4":"has-post-thumbnail","6":"product_brand-atenea","7":"product_cat-fondo-de-comercio","8":"product_tag-null","9":"product_shipping_class-null","10":"pa_asesor-atr-eduardo-jose-arcila-hurtado","11":"pa_oficina-atr-atenea","12":"pa_ubicacion-aragua","13":"desktop-align-left","14":"tablet-align-left","15":"mobile-align-left","17":"first","18":"instock","19":"shipping-taxable","20":"purchasable","21":"product-type-simple"},"acf":[],"uagb_featured_image_src":{"full":["https:\/\/i0.wp.com\/skygroup.com.ve\/web\/wp-content\/uploads\/2025\/08\/1194_1.jpeg?fit=960%2C720&ssl=1",960,720,false],"thumbnail":["https:\/\/i0.wp.com\/skygroup.com.ve\/web\/wp-content\/uploads\/2025\/08\/1194_1.jpeg?resize=150%2C150&ssl=1",150,150,true],"medium":["https:\/\/i0.wp.com\/skygroup.com.ve\/web\/wp-content\/uploads\/2025\/08\/1194_1.jpeg?fit=300%2C225&ssl=1",300,225,true],"medium_large":["https:\/\/i0.wp.com\/skygroup.com.ve\/web\/wp-content\/uploads\/2025\/08\/1194_1.jpeg?fit=768%2C576&ssl=1",768,576,true],"large":["https:\/\/i0.wp.com\/skygroup.com.ve\/web\/wp-content\/uploads\/2025\/08\/1194_1.jpeg?fit=960%2C720&ssl=1",960,720,true],"1536x1536":["https:\/\/i0.wp.com\/skygroup.com.ve\/web\/wp-content\/uploads\/2025\/08\/1194_1.jpeg?fit=960%2C720&ssl=1",960,720,true],"2048x2048":["https:\/\/i0.wp.com\/skygroup.com.ve\/web\/wp-content\/uploads\/2025\/08\/1194_1.jpeg?fit=960%2C720&ssl=1",960,720,true],"woocommerce_thumbnail":["https:\/\/i0.wp.com\/skygroup.com.ve\/web\/wp-content\/uploads\/2025\/08\/1194_1.jpeg?resize=300%2C300&ssl=1",300,300,true],"woocommerce_single":["https:\/\/i0.wp.com\/skygroup.com.ve\/web\/wp-content\/uploads\/2025\/08\/1194_1.jpeg?fit=600%2C450&ssl=1",600,450,true],"woocommerce_gallery_thumbnail":["https:\/\/i0.wp.com\/skygroup.com.ve\/web\/wp-content\/uploads\/2025\/08\/1194_1.jpeg?resize=100%2C100&ssl=1",100,100,true]},"uagb_author_info":{"display_name":"adminweb","author_link":"https:\/\/skygroup.com.ve\/web\/author\/"},"uagb_comment_info":0,"uagb_excerpt":"Sky Group ATENEA Vende Fondo de Comercio Fondo De Comercio En Maracay","jetpack_sharing_enabled":true,"_links":{"self":[{"href":"https:\/\/skygroup.com.ve\/web\/wp-json\/wp\/v2\/product\/85475","targetHints":{"allow":["GET"]}}],"collection":[{"href":"https:\/\/skygroup.com.ve\/web\/wp-json\/wp\/v2\/product"}],"about":[{"href":"https:\/\/skygroup.com.ve\/web\/wp-json\/wp\/v2\/types\/product"}],"wp:featuredmedia":[{"embeddable":true,"href":"https:\/\/skygroup.com.ve\/web\/wp-json\/wp\/v2\/media\/85214"}],"wp:attachment":[{"href":"https:\/\/skygroup.com.ve\/web\/wp-json\/wp\/v2\/media?parent=85475"}],"wp:term":[{"taxonomy":"estado","embeddable":true,"href":"https:\/\/skygroup.com.ve\/web\/wp-json\/wp\/v2\/estado?post=85475"},{"taxonomy":"product_brand","embeddable":true,"href":"https:\/\/skygroup.com.ve\/web\/wp-json\/wp\/v2\/product_brand?post=85475"},{"taxonomy":"product_cat","embeddable":true,"href":"https:\/\/skygroup.com.ve\/web\/wp-json\/wp\/v2\/product_cat?post=85475"},{"taxonomy":"product_tag","embeddable":true,"href":"https:\/\/skygroup.com.ve\/web\/wp-json\/wp\/v2\/product_tag?post=85475"}],"curies":[{"name":"wp","href":"https:\/\/api.w.org\/{rel}","templated":true}]}}

<p>Sky Group Atenea Vende fondo comercio ubicado en el Sector Base Aragua, Maracay </p>
<p>Excelente oportunidad de inversiones el modelo de negocio que esta marcando la pauta en la economía actual.</p>
<p>&#8211; Bodegón de Licores Importados y Nacionales,  bebidas al mayor y detal.<br />
&#8211; Delicateses, víveres importados y nacionales.<br />
&#8211; Área y servicio de Restaurant.<br />
&#8211; Área de cocina y de productos elaborados.<br />
&#8211; Área de trabajo para cortes de carnes  de res, cerdo y aves.<br />
&#8211; Área de Charcutería y carnes preparadas en diversas presentaciones con reparto<br />
-Equipado con una amplia variedad de equipos de refrigeración y congelación para exhibición de productos en general, lácteos, bebidas y congelados.<br />
&#8211; Sistemas de seguridad, cajas registradoras, puntos de ventas.<br />
&#8211; Área de oficina.<br />
&#8211;  Tiene todas las patentes y permisos al día y códigos abiertos con los principales importadores de licores del pais.<br />
&#8211; Cuenta con un Local en Alquiler de 380 m²</p>
<p>Código: ATFC-9</p>
<p>REF.: 135.000 </p>
<p>*SE ACEPTA FINANCIAMIENTO*</p>
<p>Eduardo Arcila<br />
L.P. Sky Group Atenea<br />
+58 414 4092379<br />
earcila@skygroup.com.ve</p>
