{"id":85874,"date":"2025-08-19T21:31:08","date_gmt":"2025-08-20T01:31:08","guid":{"rendered":"https:\/\/skygroup.com.ve\/web\/producto\/ata-1443-apartamento-en-venta-apartamento-en-res-gran-benescola\/"},"modified":"2026-04-07T20:54:50","modified_gmt":"2026-04-08T00:54:50","slug":"ata-1443-apartamento-en-venta-apartamento-en-res-gran-benescola","status":"publish","type":"product","link":"https:\/\/skygroup.com.ve\/web\/producto\/ata-1443-apartamento-en-venta-apartamento-en-res-gran-benescola\/","title":{"rendered":"ATA-1443 Apartamento en Venta Apartamento En Res. Gran Benescola"},"content":{"rendered":"<p>SKY GROUP ATENEA vende<br \/>\nApartamento a estrenar en una de las mejores zonas de Valencia, La Trigale\u00f1a, en la exclusiva Res. Gran Benescola <\/p>\n<p>Bondades del Edificio<br \/>\n&#8211; Doble anillo de seguridad<br \/>\n&#8211; Planta El\u00e9ctrica 100%<br \/>\n&#8211; Pozo de Agua<br \/>\n&#8211; 2 Apartamento por piso<br \/>\n&#8211; Ascensor de servicio y ascensor de propietario<br \/>\n&#8211; Parque Infantil con su sal\u00f3n de fiestas<br \/>\n&#8211; Gimnasio en proceso de culminar<br \/>\n&#8211; 2 doble entrada al apartamento <\/p>\n<p> El apartamento consta:<br \/>\n &#8211; 315m\u00b2<br \/>\n &#8211; 4 Grandes Habitaciones cada uno con sus respectivos ba\u00f1os, la habitaci\u00f3n principal tiene vestier y Jacuzzi en el ba\u00f1o<br \/>\n &#8211; Habitaci\u00f3n de servicio con ba\u00f1o completo<br \/>\n &#8211; Cocina empotrada con tope de granito equipado<br \/>\n &#8211; Estudio con \u00bd medio ba\u00f1o<br \/>\n &#8211; Sala\/Comedor<br \/>\n &#8211; Excelente vista a la ciudad<br \/>\n &#8211; Piso de m\u00e1rmol<br \/>\n &#8211; Detalles en Drywall<br \/>\n &#8211; Aire integral en el apartamento<br \/>\n &#8211; 4 Puestos de Estacionamiento Techados<br \/>\n&#8211; Maletero<\/p>\n<p>*El apartamento queda amoblado y equipado, con todo a estrenar <\/p>\n<p>C\u00f3digo: ATA-1443<\/p>\n<p>REF.: 270.000<br \/>\nNegociable<br \/>\nSe escuchan Propuesta <\/p>\n<p>Listo para firmar <\/p>\n<p>Eduardo Arcila<br \/>\nL.P. Sky Group Atenea<br \/>\n+58 414 4092379<br \/>\n@inmuebleskygroup.<\/p>\n","protected":false},"excerpt":{"rendered":"<p>Sky Group ATENEA Vende Apartamento Apartamento En Res. Gran Benescola<\/p>\n","protected":false},"featured_media":85506,"template":"","meta":{"_acf_changed":false,"_uag_custom_page_level_css":"","site-sidebar-layout":"default","site-content-layout":"","ast-site-content-layout":"default","site-content-style":"default","site-sidebar-style":"default","ast-global-header-display":"","ast-banner-title-visibility":"","ast-main-header-display":"","ast-hfb-above-header-display":"","ast-hfb-below-header-display":"","ast-hfb-mobile-header-display":"","site-post-title":"","ast-breadcrumbs-content":"","ast-featured-img":"","footer-sml-layout":"","ast-disable-related-posts":"","theme-transparent-header-meta":"default","adv-header-id-meta":"","stick-header-meta":"","header-above-stick-meta":"","header-main-stick-meta":"","header-below-stick-meta":"","astra-migrate-meta-layouts":"default","ast-page-background-enabled":"default","ast-page-background-meta":{"desktop":{"background-color":"var(--ast-global-color-4)","background-image":"","background-repeat":"repeat","background-position":"center center","background-size":"auto","background-attachment":"scroll","background-type":"","background-media":"","overlay-type":"","overlay-color":"","overlay-opacity":"","overlay-gradient":""},"tablet":{"background-color":"","background-image":"","background-repeat":"repeat","background-position":"center center","background-size":"auto","background-attachment":"scroll","background-type":"","background-media":"","overlay-type":"","overlay-color":"","overlay-opacity":"","overlay-gradient":""},"mobile":{"background-color":"","background-image":"","background-repeat":"repeat","background-position":"center center","background-size":"auto","background-attachment":"scroll","background-type":"","background-media":"","overlay-type":"","overlay-color":"","overlay-opacity":"","overlay-gradient":""}},"ast-content-background-meta":{"desktop":{"background-color":"var(--ast-global-color-5)","background-image":"","background-repeat":"repeat","background-position":"center center","background-size":"auto","background-attachment":"scroll","background-type":"","background-media":"","overlay-type":"","overlay-color":"","overlay-opacity":"","overlay-gradient":""},"tablet":{"background-color":"var(--ast-global-color-5)","background-image":"","background-repeat":"repeat","background-position":"center center","background-size":"auto","background-attachment":"scroll","background-type":"","background-media":"","overlay-type":"","overlay-color":"","overlay-opacity":"","overlay-gradient":""},"mobile":{"background-color":"var(--ast-global-color-5)","background-image":"","background-repeat":"repeat","background-position":"center center","background-size":"auto","background-attachment":"scroll","background-type":"","background-media":"","overlay-type":"","overlay-color":"","overlay-opacity":"","overlay-gradient":""}},"jetpack_post_was_ever_published":false,"_joinchat":{"telephone":"+584144092379"}},"estado":[],"product_brand":[558],"product_cat":[26],"product_tag":[297],"class_list":{"0":"post-85874","1":"product","2":"type-product","3":"status-publish","4":"has-post-thumbnail","6":"product_brand-atenea","7":"product_cat-apartamento","8":"product_tag-null","9":"product_shipping_class-null","10":"pa_asesor-atr-eduardo-jose-arcila-hurtado","11":"pa_oficina-atr-atenea","12":"pa_ubicacion-carabobo","13":"desktop-align-left","14":"tablet-align-left","15":"mobile-align-left","17":"first","18":"instock","19":"shipping-taxable","20":"purchasable","21":"product-type-simple"},"acf":[],"uagb_featured_image_src":{"full":["https:\/\/i0.wp.com\/skygroup.com.ve\/web\/wp-content\/uploads\/2025\/08\/1186_2.jpeg?fit=960%2C720&ssl=1",960,720,false],"thumbnail":["https:\/\/i0.wp.com\/skygroup.com.ve\/web\/wp-content\/uploads\/2025\/08\/1186_2.jpeg?resize=150%2C150&ssl=1",150,150,true],"medium":["https:\/\/i0.wp.com\/skygroup.com.ve\/web\/wp-content\/uploads\/2025\/08\/1186_2.jpeg?fit=300%2C225&ssl=1",300,225,true],"medium_large":["https:\/\/i0.wp.com\/skygroup.com.ve\/web\/wp-content\/uploads\/2025\/08\/1186_2.jpeg?fit=768%2C576&ssl=1",768,576,true],"large":["https:\/\/i0.wp.com\/skygroup.com.ve\/web\/wp-content\/uploads\/2025\/08\/1186_2.jpeg?fit=960%2C720&ssl=1",960,720,true],"1536x1536":["https:\/\/i0.wp.com\/skygroup.com.ve\/web\/wp-content\/uploads\/2025\/08\/1186_2.jpeg?fit=960%2C720&ssl=1",960,720,true],"2048x2048":["https:\/\/i0.wp.com\/skygroup.com.ve\/web\/wp-content\/uploads\/2025\/08\/1186_2.jpeg?fit=960%2C720&ssl=1",960,720,true],"woocommerce_thumbnail":["https:\/\/i0.wp.com\/skygroup.com.ve\/web\/wp-content\/uploads\/2025\/08\/1186_2.jpeg?resize=300%2C300&ssl=1",300,300,true],"woocommerce_single":["https:\/\/i0.wp.com\/skygroup.com.ve\/web\/wp-content\/uploads\/2025\/08\/1186_2.jpeg?fit=600%2C450&ssl=1",600,450,true],"woocommerce_gallery_thumbnail":["https:\/\/i0.wp.com\/skygroup.com.ve\/web\/wp-content\/uploads\/2025\/08\/1186_2.jpeg?resize=100%2C100&ssl=1",100,100,true]},"uagb_author_info":{"display_name":"adminweb","author_link":"https:\/\/skygroup.com.ve\/web\/author\/"},"uagb_comment_info":0,"uagb_excerpt":"Sky Group ATENEA Vende Apartamento Apartamento En Res. Gran Benescola","jetpack_sharing_enabled":true,"_links":{"self":[{"href":"https:\/\/skygroup.com.ve\/web\/wp-json\/wp\/v2\/product\/85874","targetHints":{"allow":["GET"]}}],"collection":[{"href":"https:\/\/skygroup.com.ve\/web\/wp-json\/wp\/v2\/product"}],"about":[{"href":"https:\/\/skygroup.com.ve\/web\/wp-json\/wp\/v2\/types\/product"}],"wp:featuredmedia":[{"embeddable":true,"href":"https:\/\/skygroup.com.ve\/web\/wp-json\/wp\/v2\/media\/85506"}],"wp:attachment":[{"href":"https:\/\/skygroup.com.ve\/web\/wp-json\/wp\/v2\/media?parent=85874"}],"wp:term":[{"taxonomy":"estado","embeddable":true,"href":"https:\/\/skygroup.com.ve\/web\/wp-json\/wp\/v2\/estado?post=85874"},{"taxonomy":"product_brand","embeddable":true,"href":"https:\/\/skygroup.com.ve\/web\/wp-json\/wp\/v2\/product_brand?post=85874"},{"taxonomy":"product_cat","embeddable":true,"href":"https:\/\/skygroup.com.ve\/web\/wp-json\/wp\/v2\/product_cat?post=85874"},{"taxonomy":"product_tag","embeddable":true,"href":"https:\/\/skygroup.com.ve\/web\/wp-json\/wp\/v2\/product_tag?post=85874"}],"curies":[{"name":"wp","href":"https:\/\/api.w.org\/{rel}","templated":true}]}}

<p>SKY GROUP ATENEA vende<br />
Apartamento a estrenar en una de las mejores zonas de Valencia, La Trigaleña, en la exclusiva Res. Gran Benescola </p>
<p>Bondades del Edificio<br />
&#8211; Doble anillo de seguridad<br />
&#8211; Planta Eléctrica 100%<br />
&#8211; Pozo de Agua<br />
&#8211; 2 Apartamento por piso<br />
&#8211; Ascensor de servicio y ascensor de propietario<br />
&#8211; Parque Infantil con su salón de fiestas<br />
&#8211; Gimnasio en proceso de culminar<br />
&#8211; 2 doble entrada al apartamento </p>
<p> El apartamento consta:<br />
 &#8211; 315m²<br />
 &#8211; 4 Grandes Habitaciones cada uno con sus respectivos baños, la habitación principal tiene vestier y Jacuzzi en el baño<br />
 &#8211; Habitación de servicio con baño completo<br />
 &#8211; Cocina empotrada con tope de granito equipado<br />
 &#8211; Estudio con ½ medio baño<br />
 &#8211; Sala/Comedor<br />
 &#8211; Excelente vista a la ciudad<br />
 &#8211; Piso de mármol<br />
 &#8211; Detalles en Drywall<br />
 &#8211; Aire integral en el apartamento<br />
 &#8211; 4 Puestos de Estacionamiento Techados<br />
&#8211; Maletero</p>
<p>*El apartamento queda amoblado y equipado, con todo a estrenar </p>
<p>Código: ATA-1443</p>
<p>REF.: 270.000<br />
Negociable<br />
Se escuchan Propuesta </p>
<p>Listo para firmar </p>
<p>Eduardo Arcila<br />
L.P. Sky Group Atenea<br />
+58 414 4092379<br />
@inmuebleskygroup.</p>
