{"id":86876,"date":"2025-08-27T21:04:41","date_gmt":"2025-08-28T01:04:41","guid":{"rendered":"https:\/\/skygroup.com.ve\/web\/producto\/vig-015-galpon-en-venta-alquiler-galpon-punto-fijo\/"},"modified":"2026-04-07T20:54:57","modified_gmt":"2026-04-08T00:54:57","slug":"vig-015-galpon-en-venta-alquiler-galpon-punto-fijo","status":"publish","type":"product","link":"https:\/\/skygroup.com.ve\/web\/producto\/vig-015-galpon-en-venta-alquiler-galpon-punto-fijo\/","title":{"rendered":"VIG-015 Galpon en Venta &#8211; Alquiler Galpon Punto Fijo"},"content":{"rendered":"<p>SKY GROUP<br \/>\nVENDE O ALQUILA<br \/>\ngalp\u00f3n ubicado en Punto Fijo<\/p>\n<p>aproximadamente 5000 mts  de los cuales aproximadamente 2000 MTS CUBICOS en cavas refrigeradoras. <\/p>\n<p>descripci\u00f3n de lo que ofrece este galp\u00f3n con excelente potencial de adaptaci\u00f3n al uso que se requiera.<br \/>\n1)Zona estrat\u00e9gica de acceso.<br \/>\nUbicaci\u00f3n La zona estrat\u00e9gica es porque est\u00e1 a 100 metros de una de las Av principales de la ciudad que se comunica con la autopista punto fijo &#8211; coro<br \/>\n:2) Planta el\u00e9ctrica de 350kw con tanque de combustible capacidad de 12000 litros<br \/>\n3)Tanque de agua potable de 50000 litros<br \/>\n4) Servicio de cloaca agua y luz conectado a la red nacional<br \/>\n5) Tres \u00e1reas de recepci\u00f3n de producto 2 de producto congelado y 1 fresco<\/p>\n<p>6)<br \/>\n6 .1 Cava de 480 metros c\u00fabicos equipada con equipo Saboree de 38hp con temperatura -24 bajo cero<br \/>\n6.2 Cavas que suman 960 metros c\u00fabicos (480m3X2)para almacenaje de productos terminados.<\/p>\n<p>7) Cava de recepci\u00f3n de producto fresco de 140 metros c\u00fabicos con<br \/>\n8) Cava de almacenaje para hielo de 56 metros c\u00fabicos.<\/p>\n<p>9)Dos salas de proceso una de 168 metros cuadrados para procesar productos congelados y otra de 96 metros cuadrados para proceso de producto fresco.<br \/>\nEl techo de las salas de proceso es de paneles aislantes para aumentar el rendimiento de las 30 toneladas de aire acondicionado con la que est\u00e1 equipada.<br \/>\n10) Todas las salas de proceso tienen techo de panel con aislante t\u00e9rmico y acabados de fibra de vidrio blanco<br \/>\n11) Las salas de proceso tienen 2 equipos de aire acondicionado industrial 15Tx2 30 toneladas de aires acondicionados.<br \/>\n12) Todas las instalaciones de agua natural y caliente energ\u00eda 110, 220, 220 trif\u00e1sico est\u00e1n sobre el techo y bajan estrat\u00e9gicamente por toda la instalaci\u00f3n.<br \/>\n13) Tres t\u00faneles de congelamiento r\u00e1pido de 120 metros c\u00fabicos cada uno<br \/>\n14) Dos cavas de almacenaje para producto terminado con un total de 960 metros c\u00fabicos<br \/>\n15) Zona de carga para gandolas de producto terminado con patio de 1200 metros<br \/>\n16) Sala de cocci\u00f3n con marmita grohen de 80 galones<br \/>\n17) Sala de ba\u00f1os para damas y caballeros de la planta<br \/>\n18)Zona de comedor, cocina, lavander\u00eda y enfermer\u00eda en obra por terminar<br \/>\n19) Dep\u00f3sito interno en planta de proceso 49 mts2<br \/>\n20) Zona de laboratorio de materia prima y producto terminado<br \/>\n23) Dep\u00f3sitos 3 de 48 metros cuadrados<br \/>\n24) Otros dep\u00f3sitos secundarios \u00e1rea total 210 mts2<br \/>\n25) Cabe destacar que los t\u00faneles y una de las cavas ( La cava n\u00famero 2 ) de almacenamiento carecen de equipo de refrigeraci\u00f3n.<\/p>\n<p>Sala de ba\u00f1os para personal masculino 40mts2. aprox.<br \/>\nSala de ba\u00f1os femenino 50 mts2 aprox. con posibilidad de ampliaci\u00f3n a 30% mas.<br \/>\n\u00c1rea de comedor y cocina 50 mts2 aprox<br \/>\n\u00c1rea de lavander\u00eda 8 mts2 aprox.<\/p>\n<p>Edificio administrativo principal cuenta con 3 oficinas de 50 metros cuadrados cada una con su ba\u00f1o.<br \/>\nEdificaci\u00f3n secundaria de oficinas con 100 metros para control de despacho de mercanc\u00eda terminada.<\/p>\n<p>Diferentes dep\u00f3sitos para guardar y almacenar m\u00e1quinas empaques quipos y productos o cualquier cosa que necesiten ser resguardadas bajo techo ( deposito de platabanda parte inferior del edificio administrativo 15 largo x10 ancho libre de columnas y 4.20 de alto =450 m3)<\/p>\n<p>segundo dep\u00f3sito de techo platabanda 15 largo 6 ancho 3 alto, dos depositos adicionales de con techo platabanda de 49 metros cuadrados y 3 metros de altura, almac\u00e9n con techo de canal 90 (20 largox7anchox3alto)<\/p>\n<p>todo lo construido fue estrat\u00e9gicamente dise\u00f1ado para el optimo uso y el m\u00e1ximo rendimiento del trabajo.<\/p>\n<p>Luz Montilva y Francisco Salas asesor inmobiliario y financiero<br \/>\nSKYGROUP VISION<br \/>\n04147550846 04120709200<\/p>\n","protected":false},"excerpt":{"rendered":"<p>Sky Group VISION &#8211; VALENCIA Vende o Alquila Galpon Galpon Punto Fijo<\/p>\n","protected":false},"featured_media":86759,"template":"","meta":{"_acf_changed":false,"_uag_custom_page_level_css":"","site-sidebar-layout":"default","site-content-layout":"","ast-site-content-layout":"default","site-content-style":"default","site-sidebar-style":"default","ast-global-header-display":"","ast-banner-title-visibility":"","ast-main-header-display":"","ast-hfb-above-header-display":"","ast-hfb-below-header-display":"","ast-hfb-mobile-header-display":"","site-post-title":"","ast-breadcrumbs-content":"","ast-featured-img":"","footer-sml-layout":"","ast-disable-related-posts":"","theme-transparent-header-meta":"default","adv-header-id-meta":"","stick-header-meta":"","header-above-stick-meta":"","header-main-stick-meta":"","header-below-stick-meta":"","astra-migrate-meta-layouts":"default","ast-page-background-enabled":"default","ast-page-background-meta":{"desktop":{"background-color":"var(--ast-global-color-4)","background-image":"","background-repeat":"repeat","background-position":"center center","background-size":"auto","background-attachment":"scroll","background-type":"","background-media":"","overlay-type":"","overlay-color":"","overlay-opacity":"","overlay-gradient":""},"tablet":{"background-color":"","background-image":"","background-repeat":"repeat","background-position":"center center","background-size":"auto","background-attachment":"scroll","background-type":"","background-media":"","overlay-type":"","overlay-color":"","overlay-opacity":"","overlay-gradient":""},"mobile":{"background-color":"","background-image":"","background-repeat":"repeat","background-position":"center center","background-size":"auto","background-attachment":"scroll","background-type":"","background-media":"","overlay-type":"","overlay-color":"","overlay-opacity":"","overlay-gradient":""}},"ast-content-background-meta":{"desktop":{"background-color":"var(--ast-global-color-5)","background-image":"","background-repeat":"repeat","background-position":"center center","background-size":"auto","background-attachment":"scroll","background-type":"","background-media":"","overlay-type":"","overlay-color":"","overlay-opacity":"","overlay-gradient":""},"tablet":{"background-color":"var(--ast-global-color-5)","background-image":"","background-repeat":"repeat","background-position":"center center","background-size":"auto","background-attachment":"scroll","background-type":"","background-media":"","overlay-type":"","overlay-color":"","overlay-opacity":"","overlay-gradient":""},"mobile":{"background-color":"var(--ast-global-color-5)","background-image":"","background-repeat":"repeat","background-position":"center center","background-size":"auto","background-attachment":"scroll","background-type":"","background-media":"","overlay-type":"","overlay-color":"","overlay-opacity":"","overlay-gradient":""}},"jetpack_post_was_ever_published":false,"_joinchat":{"telephone":"+584147550846"}},"estado":[],"product_brand":[561],"product_cat":[115],"product_tag":[297],"class_list":{"0":"post-86876","1":"product","2":"type-product","3":"status-publish","4":"has-post-thumbnail","6":"product_brand-vision-valencia","7":"product_cat-galpon","8":"product_tag-null","9":"product_shipping_class-null","10":"pa_asesor-atr-luz-marina-montilva","11":"pa_oficina-atr-vision-valencia","12":"pa_ubicacion-falcon","13":"desktop-align-left","14":"tablet-align-left","15":"mobile-align-left","17":"first","18":"instock","19":"shipping-taxable","20":"purchasable","21":"product-type-simple"},"acf":[],"uagb_featured_image_src":{"full":["https:\/\/i0.wp.com\/skygroup.com.ve\/web\/wp-content\/uploads\/2025\/08\/9214_1.jpeg?fit=600%2C800&ssl=1",600,800,false],"thumbnail":["https:\/\/i0.wp.com\/skygroup.com.ve\/web\/wp-content\/uploads\/2025\/08\/9214_1.jpeg?resize=150%2C150&ssl=1",150,150,true],"medium":["https:\/\/i0.wp.com\/skygroup.com.ve\/web\/wp-content\/uploads\/2025\/08\/9214_1.jpeg?fit=225%2C300&ssl=1",225,300,true],"medium_large":["https:\/\/i0.wp.com\/skygroup.com.ve\/web\/wp-content\/uploads\/2025\/08\/9214_1.jpeg?fit=600%2C800&ssl=1",600,800,true],"large":["https:\/\/i0.wp.com\/skygroup.com.ve\/web\/wp-content\/uploads\/2025\/08\/9214_1.jpeg?fit=600%2C800&ssl=1",600,800,true],"1536x1536":["https:\/\/i0.wp.com\/skygroup.com.ve\/web\/wp-content\/uploads\/2025\/08\/9214_1.jpeg?fit=600%2C800&ssl=1",600,800,true],"2048x2048":["https:\/\/i0.wp.com\/skygroup.com.ve\/web\/wp-content\/uploads\/2025\/08\/9214_1.jpeg?fit=600%2C800&ssl=1",600,800,true],"woocommerce_thumbnail":["https:\/\/i0.wp.com\/skygroup.com.ve\/web\/wp-content\/uploads\/2025\/08\/9214_1.jpeg?resize=300%2C300&ssl=1",300,300,true],"woocommerce_single":["https:\/\/i0.wp.com\/skygroup.com.ve\/web\/wp-content\/uploads\/2025\/08\/9214_1.jpeg?fit=600%2C800&ssl=1",600,800,true],"woocommerce_gallery_thumbnail":["https:\/\/i0.wp.com\/skygroup.com.ve\/web\/wp-content\/uploads\/2025\/08\/9214_1.jpeg?resize=100%2C100&ssl=1",100,100,true]},"uagb_author_info":{"display_name":"adminweb","author_link":"https:\/\/skygroup.com.ve\/web\/author\/"},"uagb_comment_info":0,"uagb_excerpt":"Sky Group VISION - VALENCIA Vende o Alquila Galpon Galpon Punto Fijo","jetpack_sharing_enabled":true,"_links":{"self":[{"href":"https:\/\/skygroup.com.ve\/web\/wp-json\/wp\/v2\/product\/86876","targetHints":{"allow":["GET"]}}],"collection":[{"href":"https:\/\/skygroup.com.ve\/web\/wp-json\/wp\/v2\/product"}],"about":[{"href":"https:\/\/skygroup.com.ve\/web\/wp-json\/wp\/v2\/types\/product"}],"wp:featuredmedia":[{"embeddable":true,"href":"https:\/\/skygroup.com.ve\/web\/wp-json\/wp\/v2\/media\/86759"}],"wp:attachment":[{"href":"https:\/\/skygroup.com.ve\/web\/wp-json\/wp\/v2\/media?parent=86876"}],"wp:term":[{"taxonomy":"estado","embeddable":true,"href":"https:\/\/skygroup.com.ve\/web\/wp-json\/wp\/v2\/estado?post=86876"},{"taxonomy":"product_brand","embeddable":true,"href":"https:\/\/skygroup.com.ve\/web\/wp-json\/wp\/v2\/product_brand?post=86876"},{"taxonomy":"product_cat","embeddable":true,"href":"https:\/\/skygroup.com.ve\/web\/wp-json\/wp\/v2\/product_cat?post=86876"},{"taxonomy":"product_tag","embeddable":true,"href":"https:\/\/skygroup.com.ve\/web\/wp-json\/wp\/v2\/product_tag?post=86876"}],"curies":[{"name":"wp","href":"https:\/\/api.w.org\/{rel}","templated":true}]}}

<p>SKY GROUP<br />
VENDE O ALQUILA<br />
galpón ubicado en Punto Fijo</p>
<p>aproximadamente 5000 mts  de los cuales aproximadamente 2000 MTS CUBICOS en cavas refrigeradoras. </p>
<p>descripción de lo que ofrece este galpón con excelente potencial de adaptación al uso que se requiera.<br />
1)Zona estratégica de acceso.<br />
Ubicación La zona estratégica es porque está a 100 metros de una de las Av principales de la ciudad que se comunica con la autopista punto fijo &#8211; coro<br />
:2) Planta eléctrica de 350kw con tanque de combustible capacidad de 12000 litros<br />
3)Tanque de agua potable de 50000 litros<br />
4) Servicio de cloaca agua y luz conectado a la red nacional<br />
5) Tres áreas de recepción de producto 2 de producto congelado y 1 fresco</p>
<p>6)<br />
6 .1 Cava de 480 metros cúbicos equipada con equipo Saboree de 38hp con temperatura -24 bajo cero<br />
6.2 Cavas que suman 960 metros cúbicos (480m3X2)para almacenaje de productos terminados.</p>
<p>7) Cava de recepción de producto fresco de 140 metros cúbicos con<br />
8) Cava de almacenaje para hielo de 56 metros cúbicos.</p>
<p>9)Dos salas de proceso una de 168 metros cuadrados para procesar productos congelados y otra de 96 metros cuadrados para proceso de producto fresco.<br />
El techo de las salas de proceso es de paneles aislantes para aumentar el rendimiento de las 30 toneladas de aire acondicionado con la que está equipada.<br />
10) Todas las salas de proceso tienen techo de panel con aislante térmico y acabados de fibra de vidrio blanco<br />
11) Las salas de proceso tienen 2 equipos de aire acondicionado industrial 15Tx2 30 toneladas de aires acondicionados.<br />
12) Todas las instalaciones de agua natural y caliente energía 110, 220, 220 trifásico están sobre el techo y bajan estratégicamente por toda la instalación.<br />
13) Tres túneles de congelamiento rápido de 120 metros cúbicos cada uno<br />
14) Dos cavas de almacenaje para producto terminado con un total de 960 metros cúbicos<br />
15) Zona de carga para gandolas de producto terminado con patio de 1200 metros<br />
16) Sala de cocción con marmita grohen de 80 galones<br />
17) Sala de baños para damas y caballeros de la planta<br />
18)Zona de comedor, cocina, lavandería y enfermería en obra por terminar<br />
19) Depósito interno en planta de proceso 49 mts2<br />
20) Zona de laboratorio de materia prima y producto terminado<br />
23) Depósitos 3 de 48 metros cuadrados<br />
24) Otros depósitos secundarios área total 210 mts2<br />
25) Cabe destacar que los túneles y una de las cavas ( La cava número 2 ) de almacenamiento carecen de equipo de refrigeración.</p>
<p>Sala de baños para personal masculino 40mts2. aprox.<br />
Sala de baños femenino 50 mts2 aprox. con posibilidad de ampliación a 30% mas.<br />
Área de comedor y cocina 50 mts2 aprox<br />
Área de lavandería 8 mts2 aprox.</p>
<p>Edificio administrativo principal cuenta con 3 oficinas de 50 metros cuadrados cada una con su baño.<br />
Edificación secundaria de oficinas con 100 metros para control de despacho de mercancía terminada.</p>
<p>Diferentes depósitos para guardar y almacenar máquinas empaques quipos y productos o cualquier cosa que necesiten ser resguardadas bajo techo ( deposito de platabanda parte inferior del edificio administrativo 15 largo x10 ancho libre de columnas y 4.20 de alto =450 m3)</p>
<p>segundo depósito de techo platabanda 15 largo 6 ancho 3 alto, dos depositos adicionales de con techo platabanda de 49 metros cuadrados y 3 metros de altura, almacén con techo de canal 90 (20 largox7anchox3alto)</p>
<p>todo lo construido fue estratégicamente diseñado para el optimo uso y el máximo rendimiento del trabajo.</p>
<p>Luz Montilva y Francisco Salas asesor inmobiliario y financiero<br />
SKYGROUP VISION<br />
04147550846 04120709200</p>
