{"id":88652,"date":"2025-09-01T23:39:45","date_gmt":"2025-09-02T03:39:45","guid":{"rendered":"https:\/\/skygroup.com.ve\/web\/producto\/atg-154-galpon-en-venta-galpon-para-desposte-de-animales-y-almacenamiento-refrigerado\/"},"modified":"2026-04-07T20:55:03","modified_gmt":"2026-04-08T00:55:03","slug":"atg-154-galpon-en-venta-galpon-para-desposte-de-animales-y-almacenamiento-refrigerado","status":"publish","type":"product","link":"https:\/\/skygroup.com.ve\/web\/producto\/atg-154-galpon-en-venta-galpon-para-desposte-de-animales-y-almacenamiento-refrigerado\/","title":{"rendered":"ATG-154 Galpon en Venta Galpon Para Desposte De Animales Y Almacenamiento Refrigerado"},"content":{"rendered":"<p>Galp\u00f3n con terreno en Urb Flor Amarillo Ideal para desposte de cerdo, pollo, ganado<br \/>\n770mts\u00b2 de terreno<br \/>\nCon \u00e1rea de maniobras<br \/>\n480 mts\u00b2 de construcci\u00f3n en 4 cavas de conservaci\u00f3n o congelaci\u00f3n faltan los compresores<br \/>\n* Cava 1 6&#215;5 mts\u00b2<br \/>\n* Cava 2 15x 3mts\u00b2<br \/>\n* Cava 3 12&#215;3 mts\u00b2<br \/>\n* Cava 4 11&#215;3,5 mts\u00b2<br \/>\nCapacidad para 150ton de almacenamiento<br \/>\nRomana de 2000kg<br \/>\n\u00c1rea de desposte, almacenamiento, y operaciones<br \/>\n\u00c1rea administrativa amoblada y equipada<br \/>\n86mts\u00b2 en \u00e1rea de oficinas con ba\u00f1o completo<br \/>\nOficina con ba\u00f1o completo<br \/>\n\u00c1rea de kichenette<br \/>\n5 cub\u00edculos para \u00e1rea administrativa<br \/>\nAire acondicionado central de 5ton<br \/>\nPisos de porcelanato<br \/>\nMedio ba\u00f1o<br \/>\n\u00c1rea adicional para trabajadores con 2 habitaciones kichenette y ba\u00f1os<br \/>\nComedor con dep\u00f3sito medio ba\u00f1o<br \/>\nTanque subterr\u00e1neo 8mil LTS hidroneum\u00e1tico y dep\u00f3sito<br \/>\nCircuito cerrado de camaras<br \/>\nTanque de gasoil 3600 litros<br \/>\nBanco de transformadores de 10 kva, adicional banco de 3 transformadores de 50kva cada uno (por instalar)<br \/>\nGarita de vigilancia<br \/>\nPort\u00f3n amplio para entrada de camiones y gandolas<\/p>\n<p>Valor 380.000$ negociables<br \/>\n400.000$ con financiamiento hasta 24 meses<\/p>\n","protected":false},"excerpt":{"rendered":"<p>Sky Group ATENEA Vende Galpon Galpon Para Desposte De Animales Y Almacenamiento Refrigerado<\/p>\n","protected":false},"featured_media":88543,"template":"","meta":{"_acf_changed":false,"_uag_custom_page_level_css":"","site-sidebar-layout":"default","site-content-layout":"","ast-site-content-layout":"default","site-content-style":"default","site-sidebar-style":"default","ast-global-header-display":"","ast-banner-title-visibility":"","ast-main-header-display":"","ast-hfb-above-header-display":"","ast-hfb-below-header-display":"","ast-hfb-mobile-header-display":"","site-post-title":"","ast-breadcrumbs-content":"","ast-featured-img":"","footer-sml-layout":"","ast-disable-related-posts":"","theme-transparent-header-meta":"default","adv-header-id-meta":"","stick-header-meta":"","header-above-stick-meta":"","header-main-stick-meta":"","header-below-stick-meta":"","astra-migrate-meta-layouts":"default","ast-page-background-enabled":"default","ast-page-background-meta":{"desktop":{"background-color":"var(--ast-global-color-4)","background-image":"","background-repeat":"repeat","background-position":"center center","background-size":"auto","background-attachment":"scroll","background-type":"","background-media":"","overlay-type":"","overlay-color":"","overlay-opacity":"","overlay-gradient":""},"tablet":{"background-color":"","background-image":"","background-repeat":"repeat","background-position":"center center","background-size":"auto","background-attachment":"scroll","background-type":"","background-media":"","overlay-type":"","overlay-color":"","overlay-opacity":"","overlay-gradient":""},"mobile":{"background-color":"","background-image":"","background-repeat":"repeat","background-position":"center center","background-size":"auto","background-attachment":"scroll","background-type":"","background-media":"","overlay-type":"","overlay-color":"","overlay-opacity":"","overlay-gradient":""}},"ast-content-background-meta":{"desktop":{"background-color":"var(--ast-global-color-5)","background-image":"","background-repeat":"repeat","background-position":"center center","background-size":"auto","background-attachment":"scroll","background-type":"","background-media":"","overlay-type":"","overlay-color":"","overlay-opacity":"","overlay-gradient":""},"tablet":{"background-color":"var(--ast-global-color-5)","background-image":"","background-repeat":"repeat","background-position":"center center","background-size":"auto","background-attachment":"scroll","background-type":"","background-media":"","overlay-type":"","overlay-color":"","overlay-opacity":"","overlay-gradient":""},"mobile":{"background-color":"var(--ast-global-color-5)","background-image":"","background-repeat":"repeat","background-position":"center center","background-size":"auto","background-attachment":"scroll","background-type":"","background-media":"","overlay-type":"","overlay-color":"","overlay-opacity":"","overlay-gradient":""}},"jetpack_post_was_ever_published":false,"_joinchat":{"telephone":"+584144710472"}},"estado":[],"product_brand":[558],"product_cat":[115],"product_tag":[297],"class_list":{"0":"post-88652","1":"product","2":"type-product","3":"status-publish","4":"has-post-thumbnail","6":"product_brand-atenea","7":"product_cat-galpon","8":"product_tag-null","9":"product_shipping_class-null","10":"pa_asesor-atr-carlos-daniel-guevara-rodriguez","11":"pa_oficina-atr-atenea","12":"pa_ubicacion-carabobo","13":"desktop-align-left","14":"tablet-align-left","15":"mobile-align-left","17":"first","18":"instock","19":"shipping-taxable","20":"purchasable","21":"product-type-simple"},"acf":[],"uagb_featured_image_src":{"full":["https:\/\/i0.wp.com\/skygroup.com.ve\/web\/wp-content\/uploads\/2025\/09\/9315_1.jpeg?fit=800%2C600&ssl=1",800,600,false],"thumbnail":["https:\/\/i0.wp.com\/skygroup.com.ve\/web\/wp-content\/uploads\/2025\/09\/9315_1.jpeg?resize=150%2C150&ssl=1",150,150,true],"medium":["https:\/\/i0.wp.com\/skygroup.com.ve\/web\/wp-content\/uploads\/2025\/09\/9315_1.jpeg?fit=300%2C225&ssl=1",300,225,true],"medium_large":["https:\/\/i0.wp.com\/skygroup.com.ve\/web\/wp-content\/uploads\/2025\/09\/9315_1.jpeg?fit=768%2C576&ssl=1",768,576,true],"large":["https:\/\/i0.wp.com\/skygroup.com.ve\/web\/wp-content\/uploads\/2025\/09\/9315_1.jpeg?fit=800%2C600&ssl=1",800,600,true],"1536x1536":["https:\/\/i0.wp.com\/skygroup.com.ve\/web\/wp-content\/uploads\/2025\/09\/9315_1.jpeg?fit=800%2C600&ssl=1",800,600,true],"2048x2048":["https:\/\/i0.wp.com\/skygroup.com.ve\/web\/wp-content\/uploads\/2025\/09\/9315_1.jpeg?fit=800%2C600&ssl=1",800,600,true],"woocommerce_thumbnail":["https:\/\/i0.wp.com\/skygroup.com.ve\/web\/wp-content\/uploads\/2025\/09\/9315_1.jpeg?resize=300%2C300&ssl=1",300,300,true],"woocommerce_single":["https:\/\/i0.wp.com\/skygroup.com.ve\/web\/wp-content\/uploads\/2025\/09\/9315_1.jpeg?fit=600%2C450&ssl=1",600,450,true],"woocommerce_gallery_thumbnail":["https:\/\/i0.wp.com\/skygroup.com.ve\/web\/wp-content\/uploads\/2025\/09\/9315_1.jpeg?resize=100%2C100&ssl=1",100,100,true]},"uagb_author_info":{"display_name":"adminweb","author_link":"https:\/\/skygroup.com.ve\/web\/author\/"},"uagb_comment_info":0,"uagb_excerpt":"Sky Group ATENEA Vende Galpon Galpon Para Desposte De Animales Y Almacenamiento Refrigerado","jetpack_sharing_enabled":true,"_links":{"self":[{"href":"https:\/\/skygroup.com.ve\/web\/wp-json\/wp\/v2\/product\/88652","targetHints":{"allow":["GET"]}}],"collection":[{"href":"https:\/\/skygroup.com.ve\/web\/wp-json\/wp\/v2\/product"}],"about":[{"href":"https:\/\/skygroup.com.ve\/web\/wp-json\/wp\/v2\/types\/product"}],"wp:featuredmedia":[{"embeddable":true,"href":"https:\/\/skygroup.com.ve\/web\/wp-json\/wp\/v2\/media\/88543"}],"wp:attachment":[{"href":"https:\/\/skygroup.com.ve\/web\/wp-json\/wp\/v2\/media?parent=88652"}],"wp:term":[{"taxonomy":"estado","embeddable":true,"href":"https:\/\/skygroup.com.ve\/web\/wp-json\/wp\/v2\/estado?post=88652"},{"taxonomy":"product_brand","embeddable":true,"href":"https:\/\/skygroup.com.ve\/web\/wp-json\/wp\/v2\/product_brand?post=88652"},{"taxonomy":"product_cat","embeddable":true,"href":"https:\/\/skygroup.com.ve\/web\/wp-json\/wp\/v2\/product_cat?post=88652"},{"taxonomy":"product_tag","embeddable":true,"href":"https:\/\/skygroup.com.ve\/web\/wp-json\/wp\/v2\/product_tag?post=88652"}],"curies":[{"name":"wp","href":"https:\/\/api.w.org\/{rel}","templated":true}]}}